CRAN Package Check Results for Package MultBiplotR

Last updated on 2021-10-23 16:49:39 CEST.

Flavor Version Tinstall Tcheck Ttotal Status Flags
r-devel-linux-x86_64-debian-clang 1.3.30 39.76 255.70 295.46 OK
r-devel-linux-x86_64-debian-gcc 1.3.30 32.81 187.97 220.78 OK
r-devel-linux-x86_64-fedora-clang 1.3.30 364.40 NOTE
r-devel-linux-x86_64-fedora-gcc 1.3.30 371.34 NOTE
r-devel-windows-x86_64 1.3.30 59.00 319.00 378.00 OK
r-devel-windows-x86_64-gcc10-UCRT 1.3.30 NOTE
r-patched-linux-x86_64 1.3.30 37.19 242.61 279.80 OK
r-patched-solaris-x86 1.3.30 424.40 NOTE
r-release-linux-x86_64 1.3.30 36.72 242.74 279.46 OK
r-release-macos-arm64 1.3.30 NOTE
r-release-macos-x86_64 1.3.30 NOTE
r-release-windows-ix86+x86_64 1.3.30 56.00 309.00 365.00 OK
r-oldrel-macos-x86_64 1.3.30 NOTE
r-oldrel-windows-ix86+x86_64 1.3.30 76.00 325.00 401.00 OK

Check Details

Version: 1.3.30
Check: dependencies in R code
Result: NOTE
    Namespace in Imports field not imported from: ‘polycor’
     All declared Imports should be used.
Flavors: r-devel-linux-x86_64-fedora-clang, r-devel-linux-x86_64-fedora-gcc, r-devel-windows-x86_64-gcc10-UCRT, r-patched-solaris-x86, r-release-macos-arm64, r-release-macos-x86_64, r-oldrel-macos-x86_64