Last updated on 2024-03-27 23:59:50 CET.
Flavor | Version | Tinstall | Tcheck | Ttotal | Status | Flags |
---|---|---|---|---|---|---|
r-devel-linux-x86_64-debian-clang | 0.1.0 | 10.36 | 156.83 | 167.19 | OK | |
r-devel-linux-x86_64-debian-gcc | 0.1.0 | 12.34 | 116.84 | 129.18 | OK | |
r-devel-linux-x86_64-fedora-clang | 0.1.0 | 213.49 | NOTE | |||
r-devel-linux-x86_64-fedora-gcc | 0.1.0 | 214.10 | NOTE | |||
r-devel-windows-x86_64 | 0.1.0 | 14.00 | 126.00 | 140.00 | OK | |
r-patched-linux-x86_64 | 0.1.0 | 13.63 | 148.96 | 162.59 | OK | |
r-release-linux-x86_64 | 0.1.0 | 9.34 | 150.94 | 160.28 | OK | |
r-release-macos-arm64 | 0.1.0 | 75.00 | OK | |||
r-release-macos-x86_64 | 0.1.0 | 115.00 | OK | |||
r-release-windows-x86_64 | 0.1.0 | 18.00 | 157.00 | 175.00 | OK | |
r-oldrel-macos-arm64 | 0.1.0 | 66.00 | NOTE | |||
r-oldrel-windows-x86_64 | 0.1.0 | 19.00 | 159.00 | 178.00 | OK |
Version: 0.1.0
Check: dependencies in R code
Result: NOTE
Namespace in Imports field not imported from: ‘plsgenomics’
All declared Imports should be used.
Flavors: r-devel-linux-x86_64-fedora-clang, r-devel-linux-x86_64-fedora-gcc, r-oldrel-macos-arm64