CRAN Package Check Results for Package NACHO

Last updated on 2021-09-26 00:48:47 CEST.

Flavor Version Tinstall Tcheck Ttotal Status Flags
r-devel-linux-x86_64-debian-clang 1.1.0 9.62 223.94 233.56 OK
r-devel-linux-x86_64-debian-gcc 1.1.0 7.52 161.02 168.54 OK
r-devel-linux-x86_64-fedora-clang 1.1.0 271.60 OK
r-devel-linux-x86_64-fedora-gcc 1.1.0 262.31 OK
r-devel-windows-x86_64 1.1.0 11.00 206.00 217.00 OK
r-devel-windows-x86_64-gcc10-UCRT 1.1.0 OK
r-patched-linux-x86_64 1.1.0 8.54 211.72 220.26 OK
r-patched-solaris-x86 1.1.0 212.90 OK
r-release-linux-x86_64 1.1.0 7.83 211.47 219.30 OK
r-release-macos-arm64 1.1.0 NOTE
r-release-macos-x86_64 1.1.0 OK
r-release-windows-ix86+x86_64 1.1.0 21.00 276.00 297.00 OK
r-oldrel-macos-x86_64 1.1.0 OK
r-oldrel-windows-ix86+x86_64 1.1.0 14.00 196.00 210.00 OK

Check Details

Version: 1.1.0
Check: package dependencies
Result: NOTE
    Package suggested but not available for checking: ‘GEOquery’
Flavor: r-release-macos-arm64