Last updated on 2024-04-23 16:58:22 CEST.
Flavor | Version | Tinstall | Tcheck | Ttotal | Status | Flags |
---|---|---|---|---|---|---|
r-devel-linux-x86_64-debian-clang | 0.4.2 | 33.04 | 465.08 | 498.12 | NOTE | |
r-devel-linux-x86_64-debian-gcc | 0.4.2 | 34.45 | 349.59 | 384.04 | NOTE | |
r-devel-linux-x86_64-fedora-clang | 0.4.2 | 671.10 | NOTE | |||
r-devel-linux-x86_64-fedora-gcc | 0.4.2 | 652.59 | NOTE | |||
r-prerel-macos-arm64 | 0.4.2 | 174.00 | NOTE | |||
r-prerel-windows-x86_64 | 0.4.2 | 32.00 | 396.00 | 428.00 | NOTE | |
r-patched-linux-x86_64 | 0.4.2 | 34.83 | 436.45 | 471.28 | NOTE | |
r-release-linux-x86_64 | 0.4.2 | 33.90 | 442.18 | 476.08 | OK | |
r-release-macos-arm64 | 0.4.2 | 188.00 | OK | |||
r-release-macos-x86_64 | 0.4.2 | 273.00 | OK | |||
r-release-windows-x86_64 | 0.4.2 | 41.00 | 506.00 | 547.00 | OK | |
r-oldrel-macos-arm64 | 0.4.2 | 160.00 | NOTE | |||
r-oldrel-windows-x86_64 | 0.4.2 | 44.00 | 489.00 | 533.00 | OK |
Version: 0.4.2
Check: Rd files
Result: NOTE
checkRd: (-1) PipeOpMice.Rd:33: Lost braces; missing escapes or markup?
33 | set of methods to chose. Avalible methods {"pmm", "midastouch", "sample", "cart", "rf"} Default 'pmm'. If seted on NULL this methods are used predictive mean matching (numeric data) logreg, logistic regression imputation (binary data, factor with 2 levels) polyreg, polytomous regression imputation for unordered categorical data (factor > 2 levels) polr, proportional odds model for (ordered, > 2 levels).
| ^
Flavors: r-devel-linux-x86_64-debian-clang, r-devel-linux-x86_64-debian-gcc, r-devel-linux-x86_64-fedora-clang, r-devel-linux-x86_64-fedora-gcc, r-prerel-macos-arm64, r-prerel-windows-x86_64, r-patched-linux-x86_64
Version: 0.4.2
Check: dependencies in R code
Result: NOTE
Namespaces in Imports field not imported from:
‘glmnet’ ‘mlr3learners’ ‘rpart’
All declared Imports should be used.
Flavors: r-devel-linux-x86_64-fedora-clang, r-devel-linux-x86_64-fedora-gcc, r-oldrel-macos-arm64