CRAN Package Check Results for Package NAM

Last updated on 2023-06-08 08:55:27 CEST.

Flavor Version Tinstall Tcheck Ttotal Status Flags
r-devel-linux-x86_64-debian-clang 1.7.3 52.57 84.16 136.73 OK
r-devel-linux-x86_64-debian-gcc 1.7.3 42.26 64.74 107.00 OK
r-devel-linux-x86_64-fedora-clang 1.7.3 184.34 OK
r-devel-linux-x86_64-fedora-gcc 1.7.3 192.81 OK
r-devel-windows-x86_64 1.7.3 40.00 98.00 138.00 OK
r-patched-linux-x86_64 1.7.3 42.06 80.71 122.77 OK
r-release-linux-x86_64 1.7.3 40.33 82.73 123.06 OK
r-release-macos-arm64 1.7.3 52.00 NOTE
r-release-macos-x86_64 1.7.3 90.00 NOTE
r-release-windows-x86_64 1.7.3 36.00 114.00 150.00 OK
r-oldrel-macos-arm64 1.7.3 47.00 NOTE
r-oldrel-macos-x86_64 1.7.3 64.00 NOTE
r-oldrel-windows-x86_64 1.7.3 49.00 112.00 161.00 OK

Check Details

Version: 1.7.3
Check: installed package size
Result: NOTE
     installed size is 6.6Mb
     sub-directories of 1Mb or more:
     libs 4.3Mb
Flavors: r-release-macos-arm64, r-release-macos-x86_64, r-oldrel-macos-arm64, r-oldrel-macos-x86_64