Last updated on 2024-03-28 23:55:13 CET.
Flavor | Version | Tinstall | Tcheck | Ttotal | Status | Flags |
---|---|---|---|---|---|---|
r-devel-linux-x86_64-debian-clang | 0.1.3.3 | 2.87 | 29.69 | 32.56 | OK | |
r-devel-linux-x86_64-debian-gcc | 0.1.3.3 | 2.21 | 23.17 | 25.38 | OK | |
r-devel-linux-x86_64-fedora-clang | 0.1.3.3 | 41.68 | NOTE | |||
r-devel-linux-x86_64-fedora-gcc | 0.1.3.3 | 52.44 | NOTE | |||
r-devel-windows-x86_64 | 0.1.3.3 | 4.00 | 45.00 | 49.00 | OK | |
r-patched-linux-x86_64 | 0.1.3.3 | 1.91 | 28.38 | 30.29 | OK | |
r-release-linux-x86_64 | 0.1.3.3 | 1.75 | 27.44 | 29.19 | OK | |
r-release-macos-arm64 | 0.1.3.3 | 24.00 | OK | |||
r-release-macos-x86_64 | 0.1.3.3 | 35.00 | OK | |||
r-release-windows-x86_64 | 0.1.3.3 | 5.00 | 45.00 | 50.00 | OK | |
r-oldrel-macos-arm64 | 0.1.3.3 | 16.00 | NOTE | |||
r-oldrel-windows-x86_64 | 0.1.3.3 | 5.00 | 51.00 | 56.00 | OK |
Version: 0.1.3.3
Check: data for non-ASCII characters
Result: NOTE
Note: found 140 marked UTF-8 strings
Flavors: r-devel-linux-x86_64-fedora-clang, r-devel-linux-x86_64-fedora-gcc, r-oldrel-macos-arm64