Last updated on 2023-12-03 00:56:50 CET.
Flavor | Version | Tinstall | Tcheck | Ttotal | Status | Flags |
---|---|---|---|---|---|---|
r-devel-linux-x86_64-debian-clang | 1.0.1 | 6.89 | 83.78 | 90.67 | NOTE | |
r-devel-linux-x86_64-debian-gcc | 1.0.1 | 4.36 | 62.63 | 66.99 | NOTE | |
r-devel-linux-x86_64-fedora-clang | 1.0.1 | 110.25 | NOTE | |||
r-devel-linux-x86_64-fedora-gcc | 1.0.1 | 114.23 | NOTE | |||
r-devel-windows-x86_64 | 1.0.1 | 6.00 | 87.00 | 93.00 | NOTE | |
r-patched-linux-x86_64 | 1.0.1 | 5.07 | 82.84 | 87.91 | OK | |
r-release-linux-x86_64 | 1.0.1 | 4.68 | 81.72 | 86.40 | OK | |
r-release-macos-arm64 | 1.0.1 | 37.00 | NOTE | |||
r-release-macos-x86_64 | 1.0.1 | 51.00 | NOTE | |||
r-release-windows-x86_64 | 1.0.1 | 6.00 | 102.00 | 108.00 | OK | |
r-oldrel-macos-arm64 | 1.0.1 | 29.00 | OK | |||
r-oldrel-macos-x86_64 | 1.0.1 | 53.00 | NOTE | |||
r-oldrel-windows-x86_64 | 1.0.1 | 8.00 | 99.00 | 107.00 | OK |
Version: 1.0.1
Check: Rd metadata
Result: NOTE
Invalid package aliases in Rd file 'NBBttest-package.Rd':
‘NBBtatest-package’
Flavors: r-devel-linux-x86_64-debian-clang, r-devel-linux-x86_64-debian-gcc, r-devel-linux-x86_64-fedora-clang, r-devel-linux-x86_64-fedora-gcc, r-devel-windows-x86_64
Version: 1.0.1
Check: package dependencies
Result: NOTE
Package suggested but not available for checking: ‘DEXSeq’
Flavors: r-release-macos-arm64, r-release-macos-x86_64, r-oldrel-macos-x86_64
Version: 1.0.1
Check: Rd cross-references
Result: NOTE
Package unavailable to check Rd xrefs: ‘DEXSeq’
Flavors: r-release-macos-arm64, r-release-macos-x86_64, r-oldrel-macos-x86_64