CRAN Package Check Results for Package NCmisc

Last updated on 2024-07-20 08:49:47 CEST.

Flavor Version Tinstall Tcheck Ttotal Status Flags
r-devel-linux-x86_64-debian-clang 1.2.0 5.21 50.43 55.64 NOTE
r-devel-linux-x86_64-debian-gcc 1.2.0 4.20 37.24 41.44 NOTE
r-devel-linux-x86_64-fedora-clang 1.2.0 68.34 NOTE
r-devel-linux-x86_64-fedora-gcc 1.2.0 64.66 NOTE
r-devel-windows-x86_64 1.2.0 5.00 76.00 81.00 NOTE
r-patched-linux-x86_64 1.2.0 7.60 47.82 55.42 NOTE
r-release-linux-x86_64 1.2.0 4.97 47.32 52.29 NOTE
r-release-macos-arm64 1.2.0 31.00 NOTE
r-release-macos-x86_64 1.2.0 42.00 NOTE
r-release-windows-x86_64 1.2.0 5.00 74.00 79.00 NOTE
r-oldrel-macos-arm64 1.2.0 33.00 OK
r-oldrel-macos-x86_64 1.2.0 44.00 OK
r-oldrel-windows-x86_64 1.2.0 5.00 80.00 85.00 OK

Check Details

Version: 1.2.0
Check: Rd files
Result: NOTE checkRd: (-1) NCmisc-package.Rd:45: Lost braces in \itemize; meant \describe ? checkRd: (-1) NCmisc-package.Rd:46: Lost braces in \itemize; meant \describe ? checkRd: (-1) NCmisc-package.Rd:47: Lost braces in \itemize; meant \describe ? checkRd: (-1) NCmisc-package.Rd:48: Lost braces in \itemize; meant \describe ? checkRd: (-1) NCmisc-package.Rd:49: Lost braces in \itemize; meant \describe ? checkRd: (-1) NCmisc-package.Rd:50: Lost braces in \itemize; meant \describe ? checkRd: (-1) NCmisc-package.Rd:51: Lost braces in \itemize; meant \describe ? checkRd: (-1) NCmisc-package.Rd:52: Lost braces in \itemize; meant \describe ? checkRd: (-1) NCmisc-package.Rd:53: Lost braces in \itemize; meant \describe ? checkRd: (-1) NCmisc-package.Rd:54: Lost braces in \itemize; meant \describe ? checkRd: (-1) NCmisc-package.Rd:55: Lost braces in \itemize; meant \describe ? checkRd: (-1) NCmisc-package.Rd:56: Lost braces in \itemize; meant \describe ? checkRd: (-1) NCmisc-package.Rd:57: Lost braces in \itemize; meant \describe ? checkRd: (-1) NCmisc-package.Rd:58: Lost braces in \itemize; meant \describe ? checkRd: (-1) NCmisc-package.Rd:59: Lost braces in \itemize; meant \describe ? checkRd: (-1) NCmisc-package.Rd:60: Lost braces in \itemize; meant \describe ? checkRd: (-1) NCmisc-package.Rd:61: Lost braces in \itemize; meant \describe ? checkRd: (-1) NCmisc-package.Rd:62: Lost braces in \itemize; meant \describe ? checkRd: (-1) NCmisc-package.Rd:63: Lost braces in \itemize; meant \describe ? checkRd: (-1) NCmisc-package.Rd:64: Lost braces in \itemize; meant \describe ? checkRd: (-1) NCmisc-package.Rd:65: Lost braces in \itemize; meant \describe ? checkRd: (-1) NCmisc-package.Rd:66: Lost braces in \itemize; meant \describe ? checkRd: (-1) NCmisc-package.Rd:67: Lost braces in \itemize; meant \describe ? checkRd: (-1) NCmisc-package.Rd:68: Lost braces in \itemize; meant \describe ? checkRd: (-1) NCmisc-package.Rd:69: Lost braces in \itemize; meant \describe ? checkRd: (-1) NCmisc-package.Rd:70: Lost braces in \itemize; meant \describe ? checkRd: (-1) NCmisc-package.Rd:71: Lost braces in \itemize; meant \describe ? checkRd: (-1) NCmisc-package.Rd:72: Lost braces in \itemize; meant \describe ? checkRd: (-1) NCmisc-package.Rd:73: Lost braces in \itemize; meant \describe ? checkRd: (-1) NCmisc-package.Rd:74: Lost braces in \itemize; meant \describe ? checkRd: (-1) NCmisc-package.Rd:75: Lost braces in \itemize; meant \describe ? checkRd: (-1) NCmisc-package.Rd:76: Lost braces in \itemize; meant \describe ? checkRd: (-1) NCmisc-package.Rd:77: Lost braces in \itemize; meant \describe ? checkRd: (-1) NCmisc-package.Rd:78: Lost braces in \itemize; meant \describe ? checkRd: (-1) NCmisc-package.Rd:79: Lost braces in \itemize; meant \describe ? checkRd: (-1) NCmisc-package.Rd:80: Lost braces in \itemize; meant \describe ? checkRd: (-1) NCmisc-package.Rd:81: Lost braces in \itemize; meant \describe ? checkRd: (-1) NCmisc-package.Rd:82: Lost braces in \itemize; meant \describe ? checkRd: (-1) NCmisc-package.Rd:83: Lost braces in \itemize; meant \describe ? checkRd: (-1) NCmisc-package.Rd:84: Lost braces in \itemize; meant \describe ? checkRd: (-1) NCmisc-package.Rd:85: Lost braces in \itemize; meant \describe ? checkRd: (-1) NCmisc-package.Rd:86: Lost braces in \itemize; meant \describe ? checkRd: (-1) NCmisc-package.Rd:87: Lost braces in \itemize; meant \describe ? checkRd: (-1) NCmisc-package.Rd:88: Lost braces in \itemize; meant \describe ? checkRd: (-1) NCmisc-package.Rd:89: Lost braces in \itemize; meant \describe ? checkRd: (-1) NCmisc-package.Rd:90: Lost braces in \itemize; meant \describe ? checkRd: (-1) NCmisc-package.Rd:91: Lost braces in \itemize; meant \describe ? checkRd: (-1) NCmisc-package.Rd:92: Lost braces in \itemize; meant \describe ? checkRd: (-1) NCmisc-package.Rd:93: Lost braces in \itemize; meant \describe ? checkRd: (-1) NCmisc-package.Rd:94: Lost braces in \itemize; meant \describe ? checkRd: (-1) NCmisc-package.Rd:95: Lost braces in \itemize; meant \describe ? checkRd: (-1) NCmisc-package.Rd:96: Lost braces in \itemize; meant \describe ? checkRd: (-1) NCmisc-package.Rd:97: Lost braces in \itemize; meant \describe ? checkRd: (-1) NCmisc-package.Rd:98: Lost braces in \itemize; meant \describe ? checkRd: (-1) NCmisc-package.Rd:99: Lost braces in \itemize; meant \describe ? checkRd: (-1) NCmisc-package.Rd:100: Lost braces in \itemize; meant \describe ? checkRd: (-1) NCmisc-package.Rd:101: Lost braces in \itemize; meant \describe ? checkRd: (-1) NCmisc-package.Rd:102: Lost braces in \itemize; meant \describe ? Flavors: r-devel-linux-x86_64-debian-clang, r-devel-linux-x86_64-debian-gcc, r-devel-linux-x86_64-fedora-clang, r-devel-linux-x86_64-fedora-gcc, r-devel-windows-x86_64, r-patched-linux-x86_64, r-release-linux-x86_64, r-release-macos-arm64, r-release-macos-x86_64, r-release-windows-x86_64

Version: 1.2.0
Check: Rd cross-references
Result: NOTE Undeclared package ‘reader’ in Rd xrefs Flavor: r-devel-linux-x86_64-fedora-clang