Last updated on 2024-03-28 15:49:54 CET.
Flavor | Version | Tinstall | Tcheck | Ttotal | Status | Flags |
---|---|---|---|---|---|---|
r-devel-linux-x86_64-debian-clang | 0.1.0 | 30.97 | 77.85 | 108.82 | OK | |
r-devel-linux-x86_64-debian-gcc | 0.1.0 | 29.39 | 57.72 | 87.11 | OK | |
r-devel-linux-x86_64-fedora-clang | 0.1.0 | 146.05 | NOTE | |||
r-devel-linux-x86_64-fedora-gcc | 0.1.0 | 162.25 | NOTE | |||
r-devel-windows-x86_64 | 0.1.0 | 30.00 | 95.00 | 125.00 | OK | |
r-patched-linux-x86_64 | 0.1.0 | 27.99 | 75.55 | 103.54 | OK | |
r-release-linux-x86_64 | 0.1.0 | 39.34 | 72.80 | 112.14 | OK | |
r-release-macos-arm64 | 0.1.0 | 54.00 | NOTE | |||
r-release-macos-x86_64 | 0.1.0 | 77.00 | NOTE | |||
r-release-windows-x86_64 | 0.1.0 | 36.00 | 113.00 | 149.00 | OK | |
r-oldrel-macos-arm64 | 0.1.0 | 39.00 | NOTE | |||
r-oldrel-windows-x86_64 | 0.1.0 | 34.00 | 111.00 | 145.00 | OK |
Version: 0.1.0
Check: dependencies in R code
Result: NOTE
Namespaces in Imports field not imported from:
‘MASS’ ‘fields’ ‘mvtnorm’
All declared Imports should be used.
Flavors: r-devel-linux-x86_64-fedora-clang, r-devel-linux-x86_64-fedora-gcc, r-oldrel-macos-arm64
Version: 0.1.0
Check: installed package size
Result: NOTE
installed size is 6.6Mb
sub-directories of 1Mb or more:
data 1.5Mb
libs 4.3Mb
Flavors: r-release-macos-arm64, r-release-macos-x86_64, r-oldrel-macos-arm64