Last updated on 2024-03-28 15:49:54 CET.
Flavor | Version | Tinstall | Tcheck | Ttotal | Status | Flags |
---|---|---|---|---|---|---|
r-devel-linux-x86_64-debian-clang | 1.2.1 | 5.31 | 145.79 | 151.10 | OK | |
r-devel-linux-x86_64-debian-gcc | 1.2.1 | 3.01 | 88.13 | 91.14 | OK | |
r-devel-linux-x86_64-fedora-clang | 1.2.1 | 147.67 | NOTE | |||
r-devel-linux-x86_64-fedora-gcc | 1.2.1 | 167.40 | NOTE | |||
r-devel-windows-x86_64 | 1.2.1 | 5.00 | 110.00 | 115.00 | OK | |
r-patched-linux-x86_64 | 1.2.1 | 6.23 | 118.93 | 125.16 | OK | |
r-release-linux-x86_64 | 1.2.1 | 3.69 | 111.92 | 115.61 | OK | |
r-release-macos-arm64 | 1.2.1 | 48.00 | OK | |||
r-release-macos-x86_64 | 1.2.1 | 76.00 | OK | |||
r-release-windows-x86_64 | 1.2.1 | 6.00 | 119.00 | 125.00 | OK | |
r-oldrel-macos-arm64 | 1.2.1 | 43.00 | NOTE | |||
r-oldrel-windows-x86_64 | 1.2.1 | 6.00 | 117.00 | 123.00 | OK |
Version: 1.2.1
Check: dependencies in R code
Result: NOTE
Namespaces in Imports field not imported from:
‘Rdpack’ ‘curl’ ‘mathjaxr’
All declared Imports should be used.
Flavors: r-devel-linux-x86_64-fedora-clang, r-devel-linux-x86_64-fedora-gcc, r-oldrel-macos-arm64