CRAN Package Check Results for Package NFCP

Last updated on 2023-06-07 17:55:44 CEST.

Flavor Version Tinstall Tcheck Ttotal Status Flags
r-devel-linux-x86_64-debian-clang 1.2.1 5.44 110.14 115.58 OK
r-devel-linux-x86_64-debian-gcc 1.2.1 3.44 83.20 86.64 OK
r-devel-linux-x86_64-fedora-clang 1.2.1 124.78 NOTE
r-devel-linux-x86_64-fedora-gcc 1.2.1 149.65 NOTE
r-devel-windows-x86_64 1.2.1 5.00 106.00 111.00 OK
r-patched-linux-x86_64 1.2.1 4.79 106.70 111.49 OK
r-release-linux-x86_64 1.2.1 3.85 107.71 111.56 OK
r-release-macos-arm64 1.2.1 48.00 OK
r-release-macos-x86_64 1.2.1 76.00 OK
r-release-windows-x86_64 1.2.1 7.00 120.00 127.00 OK
r-oldrel-macos-arm64 1.2.1 43.00 NOTE
r-oldrel-macos-x86_64 1.2.1 54.00 NOTE
r-oldrel-windows-x86_64 1.2.1 6.00 116.00 122.00 OK

Check Details

Version: 1.2.1
Check: dependencies in R code
Result: NOTE
    Namespaces in Imports field not imported from:
     ‘Rdpack’ ‘curl’ ‘mathjaxr’
     All declared Imports should be used.
Flavors: r-devel-linux-x86_64-fedora-clang, r-devel-linux-x86_64-fedora-gcc, r-oldrel-macos-arm64, r-oldrel-macos-x86_64