Last updated on 2024-04-20 00:56:16 CEST.
Flavor | Version | Tinstall | Tcheck | Ttotal | Status | Flags |
---|---|---|---|---|---|---|
r-devel-linux-x86_64-debian-clang | 3.3 | 6.83 | 51.72 | 58.55 | NOTE | |
r-devel-linux-x86_64-debian-gcc | 3.3 | NOTE | ||||
r-devel-linux-x86_64-fedora-clang | 3.3 | 72.70 | NOTE | |||
r-devel-linux-x86_64-fedora-gcc | 3.3 | 74.08 | NOTE | |||
r-prerel-macos-arm64 | 3.3 | 26.00 | NOTE | |||
r-prerel-windows-x86_64 | 3.3 | 7.00 | 69.00 | 76.00 | NOTE | |
r-patched-linux-x86_64 | 3.3 | 6.63 | 49.42 | 56.05 | NOTE | |
r-release-linux-x86_64 | 3.3 | 4.75 | 49.44 | 54.19 | NOTE | |
r-release-macos-arm64 | 3.3 | 30.00 | NOTE | |||
r-release-macos-x86_64 | 3.3 | 38.00 | NOTE | |||
r-release-windows-x86_64 | 3.3 | 7.00 | 75.00 | 82.00 | NOTE | |
r-oldrel-macos-arm64 | 3.3 | 25.00 | OK | |||
r-oldrel-windows-x86_64 | 3.3 | 8.00 | 81.00 | 89.00 | OK |
Version: 3.3
Check: Rd files
Result: NOTE
checkRd: (-1) graphresU.fun.Rd:72: Escaped LaTeX specials: \&
Flavors: r-devel-linux-x86_64-debian-clang, r-devel-linux-x86_64-debian-gcc, r-devel-linux-x86_64-fedora-clang, r-devel-linux-x86_64-fedora-gcc, r-prerel-macos-arm64, r-prerel-windows-x86_64, r-patched-linux-x86_64, r-release-linux-x86_64, r-release-macos-arm64, r-release-macos-x86_64, r-release-windows-x86_64