Last updated on 2024-03-28 23:55:13 CET.
Flavor | Version | Tinstall | Tcheck | Ttotal | Status | Flags |
---|---|---|---|---|---|---|
r-devel-linux-x86_64-debian-clang | 0.2.1 | 21.76 | 355.06 | 376.82 | OK | |
r-devel-linux-x86_64-debian-gcc | 0.2.1 | 20.67 | 272.33 | 293.00 | OK | |
r-devel-linux-x86_64-fedora-clang | 0.2.1 | 490.70 | NOTE | |||
r-devel-linux-x86_64-fedora-gcc | 0.2.1 | 518.20 | NOTE | |||
r-devel-windows-x86_64 | 0.2.1 | 24.00 | 257.00 | 281.00 | NOTE | |
r-patched-linux-x86_64 | 0.2.1 | 30.34 | 351.42 | 381.76 | OK | |
r-release-linux-x86_64 | 0.2.1 | 26.99 | 355.19 | 382.18 | OK | |
r-release-macos-arm64 | 0.2.1 | 143.00 | NOTE | |||
r-release-macos-x86_64 | 0.2.1 | 258.00 | NOTE | |||
r-release-windows-x86_64 | 0.2.1 | 31.00 | 328.00 | 359.00 | NOTE | |
r-oldrel-macos-arm64 | 0.2.1 | 130.00 | NOTE | |||
r-oldrel-windows-x86_64 | 0.2.1 | 32.00 | 342.00 | 374.00 | NOTE |
Version: 0.2.1
Check: installed package size
Result: NOTE
installed size is 5.2Mb
sub-directories of 1Mb or more:
doc 4.0Mb
Flavors: r-devel-linux-x86_64-fedora-clang, r-devel-windows-x86_64, r-release-macos-arm64, r-release-macos-x86_64, r-release-windows-x86_64, r-oldrel-macos-arm64, r-oldrel-windows-x86_64
Version: 0.2.1
Check: data for non-ASCII characters
Result: NOTE
Note: found 24 marked UTF-8 strings
Flavors: r-devel-linux-x86_64-fedora-clang, r-devel-linux-x86_64-fedora-gcc, r-oldrel-macos-arm64