CRAN Package Check Results for Package NLP

Last updated on 2023-03-24 07:54:47 CET.

Flavor Version Tinstall Tcheck Ttotal Status Flags
r-devel-linux-x86_64-debian-clang 0.2-1 4.52 37.35 41.87 OK
r-devel-linux-x86_64-debian-gcc 0.2-1 3.46 29.21 32.67 OK
r-devel-linux-x86_64-fedora-clang 0.2-1 53.78 NOTE
r-devel-linux-x86_64-fedora-gcc 0.2-1 54.29 OK
r-devel-windows-x86_64 0.2-1 37.00 78.00 115.00 OK
r-patched-linux-x86_64 0.2-1 6.55 36.93 43.48 OK
r-release-linux-x86_64 0.2-1 4.14 36.64 40.78 OK
r-release-macos-arm64 0.2-1 20.00 OK
r-release-macos-x86_64 0.2-1 27.00 OK
r-release-windows-x86_64 0.2-1 19.00 63.00 82.00 OK
r-oldrel-macos-arm64 0.2-1 27.00 OK
r-oldrel-macos-x86_64 0.2-1 36.00 OK
r-oldrel-windows-ix86+x86_64 0.2-1 8.00 50.00 58.00 OK

Check Details

Version: 0.2-1
Check: Rd cross-references
Result: NOTE
    Undeclared package ‘tm’ in Rd xrefs
Flavor: r-devel-linux-x86_64-fedora-clang