CRAN Package Check Results for Package NLP

Last updated on 2021-12-05 08:51:04 CET.

Flavor Version Tinstall Tcheck Ttotal Status Flags
r-devel-linux-x86_64-debian-clang 0.2-1 4.41 42.47 46.88 OK
r-devel-linux-x86_64-debian-gcc 0.2-1 4.17 32.86 37.03 OK
r-devel-linux-x86_64-fedora-clang 0.2-1 58.98 NOTE
r-devel-linux-x86_64-fedora-gcc 0.2-1 45.69 OK
r-devel-windows-x86_64-new-UL 0.2-1 16.00 73.00 89.00 OK
r-devel-windows-x86_64-new-TK 0.2-1 OK
r-devel-windows-x86_64-old 0.2-1 7.00 41.00 48.00 OK
r-patched-linux-x86_64 0.2-1 4.95 32.12 37.07 OK
r-release-linux-x86_64 0.2-1 4.38 40.91 45.29 OK
r-release-macos-arm64 0.2-1 OK
r-release-macos-x86_64 0.2-1 OK
r-release-windows-ix86+x86_64 0.2-1 8.00 50.00 58.00 OK
r-oldrel-macos-x86_64 0.2-1 OK
r-oldrel-windows-ix86+x86_64 0.2-1 6.00 46.00 52.00 OK

Check Details

Version: 0.2-1
Check: Rd cross-references
Result: NOTE
    Undeclared package ‘tm’ in Rd xrefs
Flavor: r-devel-linux-x86_64-fedora-clang