Last updated on 2024-04-19 01:04:44 CEST.
Flavor | Version | Tinstall | Tcheck | Ttotal | Status | Flags |
---|---|---|---|---|---|---|
r-devel-linux-x86_64-debian-clang | 0.1.2 | 18.37 | 280.31 | 298.68 | NOTE | |
r-devel-linux-x86_64-debian-gcc | 0.1.2 | 14.50 | 178.36 | 192.86 | NOTE | |
r-devel-linux-x86_64-fedora-clang | 0.1.2 | 371.50 | NOTE | |||
r-devel-linux-x86_64-fedora-gcc | 0.1.2 | 336.15 | NOTE | |||
r-prerel-macos-arm64 | 0.1.2 | 90.00 | NOTE | |||
r-prerel-windows-x86_64 | 0.1.2 | 16.00 | 195.00 | 211.00 | NOTE | |
r-patched-linux-x86_64 | 0.1.2 | 17.69 | 259.25 | 276.94 | NOTE | |
r-release-linux-x86_64 | 0.1.2 | 15.91 | 247.86 | 263.77 | NOTE | |
r-release-macos-arm64 | 0.1.2 | 105.00 | NOTE | |||
r-release-macos-x86_64 | 0.1.2 | 168.00 | NOTE | |||
r-release-windows-x86_64 | 0.1.2 | 20.00 | 239.00 | 259.00 | NOTE | |
r-oldrel-macos-arm64 | 0.1.2 | 115.00 | NOTE | |||
r-oldrel-windows-x86_64 | 0.1.2 | 22.00 | 237.00 | 259.00 | NOTE |
Version: 0.1.2
Check: LazyData
Result: NOTE
'LazyData' is specified without a 'data' directory
Flavors: r-devel-linux-x86_64-debian-clang, r-devel-linux-x86_64-debian-gcc, r-devel-linux-x86_64-fedora-clang, r-devel-linux-x86_64-fedora-gcc, r-prerel-macos-arm64, r-prerel-windows-x86_64, r-patched-linux-x86_64, r-release-linux-x86_64, r-release-macos-arm64, r-release-macos-x86_64, r-release-windows-x86_64, r-oldrel-macos-arm64, r-oldrel-windows-x86_64