CRAN Package Check Results for Package NMdata

Last updated on 2021-10-23 05:02:42 CEST.

Flavor Version Tinstall Tcheck Ttotal Status Flags
r-devel-linux-x86_64-debian-clang 0.0.9 6.78 88.95 95.73 OK
r-devel-linux-x86_64-debian-gcc 0.0.9 5.27 59.05 64.32 OK
r-devel-linux-x86_64-fedora-clang 0.0.9 115.50 NOTE
r-devel-linux-x86_64-fedora-gcc 0.0.9 95.86 OK
r-devel-windows-x86_64 0.0.9 11.00 98.00 109.00 NOTE
r-devel-windows-x86_64-gcc10-UCRT 0.0.9 OK
r-patched-linux-x86_64 0.0.9 6.92 74.28 81.20 OK
r-patched-solaris-x86 0.0.9 126.60 NOTE
r-release-linux-x86_64 0.0.9 6.77 73.17 79.94 OK
r-release-macos-arm64 0.0.9 NOTE
r-release-macos-x86_64 0.0.9 NOTE
r-release-windows-ix86+x86_64 0.0.9 10.00 96.00 106.00 NOTE
r-oldrel-macos-x86_64 0.0.9 NOTE
r-oldrel-windows-ix86+x86_64 0.0.9 13.00 91.00 104.00 NOTE

Check Details

Version: 0.0.9
Check: installed package size
Result: NOTE
     installed size is 7.2Mb
     sub-directories of 1Mb or more:
     examples 5.8Mb
Flavors: r-devel-linux-x86_64-fedora-clang, r-devel-windows-x86_64, r-patched-solaris-x86, r-release-macos-arm64, r-release-macos-x86_64, r-release-windows-ix86+x86_64, r-oldrel-macos-x86_64, r-oldrel-windows-ix86+x86_64