Last updated on 2024-04-25 00:56:06 CEST.
Flavor | Version | Tinstall | Tcheck | Ttotal | Status | Flags |
---|---|---|---|---|---|---|
r-devel-linux-x86_64-debian-clang | 10.8 | 64.62 | 177.77 | 242.39 | NOTE | |
r-devel-linux-x86_64-debian-gcc | 10.8 | 52.39 | 130.84 | 183.23 | NOTE | |
r-devel-linux-x86_64-fedora-clang | 10.8 | 238.65 | NOTE | |||
r-devel-linux-x86_64-fedora-gcc | 10.8 | 220.30 | NOTE | |||
r-devel-windows-x86_64 | 10.8 | 60.00 | 175.00 | 235.00 | NOTE | |
r-patched-linux-x86_64 | 10.7 | 64.67 | 282.52 | 347.19 | NOTE | |
r-release-linux-x86_64 | 10.8 | 62.35 | 168.92 | 231.27 | NOTE | |
r-release-macos-arm64 | 10.8 | 94.00 | NOTE | |||
r-release-macos-x86_64 | 10.8 | 197.00 | NOTE | |||
r-release-windows-x86_64 | 10.8 | 56.00 | 160.00 | 216.00 | NOTE | |
r-oldrel-macos-arm64 | 10.8 | 97.00 | NOTE | |||
r-oldrel-macos-x86_64 | 10.8 | 177.00 | NOTE | |||
r-oldrel-windows-x86_64 | 10.8 | 76.00 | 191.00 | 267.00 | NOTE |
Version: 10.8
Check: for GNU extensions in Makefiles
Result: NOTE
GNU make is a SystemRequirements.
Flavors: r-devel-linux-x86_64-debian-clang, r-devel-linux-x86_64-debian-gcc, r-devel-linux-x86_64-fedora-clang, r-devel-linux-x86_64-fedora-gcc, r-devel-windows-x86_64, r-release-linux-x86_64, r-release-macos-arm64, r-release-macos-x86_64, r-release-windows-x86_64, r-oldrel-macos-arm64, r-oldrel-macos-x86_64, r-oldrel-windows-x86_64
Version: 10.7
Check: for GNU extensions in Makefiles
Result: NOTE
GNU make is a SystemRequirements.
Flavor: r-patched-linux-x86_64