Last updated on 2023-06-05 16:55:01 CEST.
Flavor | Version | Tinstall | Tcheck | Ttotal | Status | Flags |
---|---|---|---|---|---|---|
r-devel-linux-x86_64-debian-clang | 0.13.3 | 297.48 | 135.54 | 433.02 | NOTE | |
r-devel-linux-x86_64-debian-gcc | 0.13.3 | 219.44 | 99.21 | 318.65 | NOTE | |
r-devel-linux-x86_64-fedora-clang | 0.13.3 | 641.87 | NOTE | |||
r-devel-linux-x86_64-fedora-gcc | 0.13.3 | 615.82 | NOTE | |||
r-devel-windows-x86_64 | 0.13.3 | 218.00 | 143.00 | 361.00 | NOTE | |
r-patched-linux-x86_64 | 0.13.3 | 243.83 | 126.95 | 370.78 | NOTE | |
r-release-linux-x86_64 | 0.13.3 | 231.58 | 125.80 | 357.38 | NOTE | |
r-release-macos-arm64 | 0.13.3 | 133.00 | NOTE | |||
r-release-macos-x86_64 | 0.13.3 | 230.00 | NOTE | |||
r-release-windows-x86_64 | 0.13.3 | 271.00 | 173.00 | 444.00 | NOTE | |
r-oldrel-macos-arm64 | 0.13.3 | 118.00 | NOTE | |||
r-oldrel-macos-x86_64 | 0.13.3 | 221.00 | NOTE | |||
r-oldrel-windows-x86_64 | 0.13.3 | 281.00 | 158.00 | 439.00 | OK |
Version: 0.13.3
Check: C++ specification
Result: NOTE
Specified C++11: please drop specification unless essential
Flavors: r-devel-linux-x86_64-debian-clang, r-devel-linux-x86_64-debian-gcc, r-devel-linux-x86_64-fedora-clang, r-devel-linux-x86_64-fedora-gcc, r-devel-windows-x86_64, r-patched-linux-x86_64, r-release-linux-x86_64, r-release-macos-arm64, r-release-macos-x86_64, r-release-windows-x86_64
Version: 0.13.3
Check: installed package size
Result: NOTE
installed size is 7.7Mb
sub-directories of 1Mb or more:
libs 7.0Mb
Flavors: r-release-macos-arm64, r-release-macos-x86_64, r-oldrel-macos-arm64, r-oldrel-macos-x86_64