Last updated on 2024-04-19 01:04:44 CEST.
Flavor | Version | Tinstall | Tcheck | Ttotal | Status | Flags |
---|---|---|---|---|---|---|
r-devel-linux-x86_64-debian-clang | 1.18 | 27.46 | 346.95 | 374.41 | NOTE | |
r-devel-linux-x86_64-debian-gcc | 1.18 | 23.07 | 242.87 | 265.94 | NOTE | |
r-devel-linux-x86_64-fedora-clang | 1.18 | 464.34 | NOTE | |||
r-devel-linux-x86_64-fedora-gcc | 1.18 | 470.24 | NOTE | |||
r-prerel-macos-arm64 | 1.18 | 105.00 | NOTE | |||
r-prerel-windows-x86_64 | 1.18 | 28.00 | 257.00 | 285.00 | NOTE | |
r-patched-linux-x86_64 | 1.18 | 18.54 | 326.81 | 345.35 | NOTE | |
r-release-linux-x86_64 | 1.18 | 18.04 | 345.00 | 363.04 | OK | |
r-release-macos-arm64 | 1.18 | 95.00 | OK | |||
r-release-macos-x86_64 | 1.18 | 242.00 | OK | |||
r-release-windows-x86_64 | 1.18 | 37.00 | 347.00 | 384.00 | OK | |
r-oldrel-macos-arm64 | 1.18 | 123.00 | OK | |||
r-oldrel-windows-x86_64 | 1.18 | 35.00 | 342.00 | 377.00 | OK |
Version: 1.18
Check: Rd files
Result: NOTE
checkRd: (-1) svr.df.Rd:13: Lost braces
13 | \item{z}{the vector of zi = min{Xi, Yi}}
| ^
Flavors: r-devel-linux-x86_64-debian-clang, r-devel-linux-x86_64-debian-gcc, r-devel-linux-x86_64-fedora-clang, r-devel-linux-x86_64-fedora-gcc, r-prerel-macos-arm64, r-prerel-windows-x86_64, r-patched-linux-x86_64