CRAN Package Check Results for Package Neighboot

Last updated on 2021-10-17 12:52:50 CEST.

Flavor Version Tinstall Tcheck Ttotal Status Flags
r-devel-linux-x86_64-debian-clang 1.0.0 12.48 108.09 120.57 OK
r-devel-linux-x86_64-debian-gcc 1.0.0 11.20 83.07 94.27 OK
r-devel-linux-x86_64-fedora-clang 1.0.0 155.48 NOTE
r-devel-linux-x86_64-fedora-gcc 1.0.0 151.61 NOTE
r-devel-windows-x86_64 1.0.0 20.00 138.00 158.00 OK
r-devel-windows-x86_64-gcc10-UCRT 1.0.0 NOTE
r-patched-linux-x86_64 1.0.0 12.03 103.61 115.64 OK
r-patched-solaris-x86 1.0.0 212.30 NOTE
r-release-linux-x86_64 1.0.0 12.81 102.30 115.11 OK
r-release-macos-arm64 1.0.0 NOTE
r-release-macos-x86_64 1.0.0 NOTE
r-release-windows-ix86+x86_64 1.0.0 36.00 132.00 168.00 OK
r-oldrel-macos-x86_64 1.0.0 NOTE
r-oldrel-windows-ix86+x86_64 1.0.0 32.00 135.00 167.00 OK

Check Details

Version: 1.0.0
Check: dependencies in R code
Result: NOTE
    Namespace in Imports field not imported from: ‘magrittr’
     All declared Imports should be used.
Flavors: r-devel-linux-x86_64-fedora-clang, r-devel-linux-x86_64-fedora-gcc, r-devel-windows-x86_64-gcc10-UCRT, r-patched-solaris-x86, r-release-macos-arm64, r-release-macos-x86_64, r-oldrel-macos-x86_64