Last updated on 2024-04-20 08:51:02 CEST.
Flavor | Version | Tinstall | Tcheck | Ttotal | Status | Flags |
---|---|---|---|---|---|---|
r-devel-linux-x86_64-debian-clang | 1.0.5 | 32.80 | 348.64 | 381.44 | NOTE | |
r-devel-linux-x86_64-debian-gcc | 1.0.5 | 30.54 | 242.07 | 272.61 | NOTE | |
r-devel-linux-x86_64-fedora-clang | 1.0.5 | 505.88 | NOTE | |||
r-devel-linux-x86_64-fedora-gcc | 1.0.5 | 477.70 | NOTE | |||
r-prerel-macos-arm64 | 1.0.5 | 98.00 | NOTE | |||
r-prerel-windows-x86_64 | 1.0.5 | 31.00 | 237.00 | 268.00 | NOTE | |
r-patched-linux-x86_64 | 1.0.5 | 41.08 | 330.34 | 371.42 | NOTE | |
r-release-linux-x86_64 | 1.0.5 | 37.92 | 319.98 | 357.90 | NOTE | |
r-release-macos-arm64 | 1.0.5 | 110.00 | NOTE | |||
r-release-macos-x86_64 | 1.0.5 | 212.00 | NOTE | |||
r-release-windows-x86_64 | 1.0.5 | 44.00 | 333.00 | 377.00 | NOTE | |
r-oldrel-macos-arm64 | 1.0.5 | 102.00 | NOTE | |||
r-oldrel-windows-x86_64 | 1.0.5 | 47.00 | 305.00 | 352.00 | NOTE |
Version: 1.0.5
Check: package dependencies
Result: NOTE
Package suggested but not available for checking: ‘fastshp’
Flavors: r-devel-linux-x86_64-debian-clang, r-devel-linux-x86_64-debian-gcc, r-devel-linux-x86_64-fedora-clang, r-devel-linux-x86_64-fedora-gcc, r-prerel-macos-arm64, r-prerel-windows-x86_64, r-patched-linux-x86_64, r-release-macos-arm64, r-release-macos-x86_64, r-release-windows-x86_64, r-oldrel-macos-arm64, r-oldrel-windows-x86_64
Version: 1.0.5
Check: package dependencies
Result: NOTE
Packages suggested but not available for checking:
'fastshp', 'SpaDES.core', 'SpaDES.tools'
Flavor: r-release-linux-x86_64