CRAN Package Check Results for Package NetRep

Last updated on 2022-09-28 00:52:47 CEST.

Flavor Version Tinstall Tcheck Ttotal Status Flags
r-devel-linux-x86_64-debian-clang 1.2.4 154.16 148.71 302.87 OK
r-devel-linux-x86_64-debian-gcc 1.2.4 128.30 114.35 242.65 OK
r-devel-linux-x86_64-fedora-clang 1.2.4 443.02 OK
r-devel-linux-x86_64-fedora-gcc 1.2.4 406.98 OK
r-devel-windows-x86_64 1.2.4 144.00 202.00 346.00 OK
r-patched-linux-x86_64 1.2.4 144.99 157.78 302.77 OK
r-release-linux-x86_64 1.2.4 143.97 155.86 299.83 OK
r-release-macos-arm64 1.2.4 107.00 NOTE
r-release-macos-x86_64 1.2.4 132.00 NOTE
r-release-windows-x86_64 1.2.4 142.00 201.00 343.00 OK
r-oldrel-macos-arm64 1.2.4 117.00 NOTE
r-oldrel-macos-x86_64 1.2.4 184.00 NOTE
r-oldrel-windows-ix86+x86_64 1.2.4 395.00 240.00 635.00 OK

Check Details

Version: 1.2.4
Check: installed package size
Result: NOTE
     installed size is 8.1Mb
     sub-directories of 1Mb or more:
     doc 1.4Mb
     libs 5.7Mb
Flavors: r-release-macos-arm64, r-release-macos-x86_64, r-oldrel-macos-arm64, r-oldrel-macos-x86_64