Last updated on 2024-05-05 16:51:51 CEST.
Flavor | Version | Tinstall | Tcheck | Ttotal | Status | Flags |
---|---|---|---|---|---|---|
r-devel-linux-x86_64-debian-clang | 0.0.6 | 3.53 | 123.82 | 127.35 | NOTE | |
r-devel-linux-x86_64-debian-gcc | 0.0.6 | 2.55 | 97.96 | 100.51 | NOTE | |
r-devel-linux-x86_64-fedora-clang | 0.0.6 | 168.79 | NOTE | |||
r-devel-linux-x86_64-fedora-gcc | 0.0.6 | 100.87 | NOTE | |||
r-devel-windows-x86_64 | 0.0.6 | 4.00 | 77.00 | 81.00 | NOTE | |
r-patched-linux-x86_64 | 0.0.6 | 3.09 | 119.80 | 122.89 | NOTE | |
r-release-linux-x86_64 | 0.0.6 | 3.14 | 118.32 | 121.46 | NOTE | |
r-release-macos-arm64 | 0.0.6 | 35.00 | NOTE | |||
r-release-windows-x86_64 | 0.0.6 | 4.00 | 79.00 | 83.00 | NOTE | |
r-oldrel-macos-arm64 | 0.0.6 | 33.00 | OK | |||
r-oldrel-macos-x86_64 | 0.0.6 | 55.00 | OK | |||
r-oldrel-windows-x86_64 | 0.0.6 | 4.00 | 84.00 | 88.00 | OK |
Version: 0.0.6
Check: Rd files
Result: NOTE
checkRd: (-1) rc.plot.ideogram.Rd:20: Lost braces; missing escapes or markup?
20 | \item{las}{numeric in {0,1,2,3}; the style of chromosome labels. 0, always parallel to the track [default]; 1, always horizontal; 2, always perpendicular to the track; 3, always vertical.}
| ^
Flavors: r-devel-linux-x86_64-debian-clang, r-devel-linux-x86_64-debian-gcc, r-devel-linux-x86_64-fedora-clang, r-devel-linux-x86_64-fedora-gcc, r-devel-windows-x86_64, r-patched-linux-x86_64, r-release-linux-x86_64, r-release-macos-arm64, r-release-windows-x86_64