Last updated on 2023-06-05 16:55:01 CEST.
Flavor | Version | Tinstall | Tcheck | Ttotal | Status | Flags |
---|---|---|---|---|---|---|
r-devel-linux-x86_64-debian-clang | 0.8 | 28.42 | 191.51 | 219.93 | NOTE | --no-vignettes |
r-devel-linux-x86_64-debian-gcc | 0.8 | 19.42 | 141.06 | 160.48 | NOTE | --no-vignettes |
r-devel-linux-x86_64-fedora-clang | 0.8 | 266.30 | NOTE | |||
r-devel-linux-x86_64-fedora-gcc | 0.8 | 252.68 | NOTE | |||
r-devel-windows-x86_64 | 0.8 | 23.00 | 145.00 | 168.00 | NOTE | |
r-patched-linux-x86_64 | 0.8 | 25.14 | 177.97 | 203.11 | NOTE | --no-vignettes |
r-release-linux-x86_64 | 0.8 | 21.32 | 177.47 | 198.79 | NOTE | --no-vignettes |
r-release-macos-arm64 | 0.8 | 78.00 | NOTE | |||
r-release-macos-x86_64 | 0.8 | 125.00 | NOTE | |||
r-release-windows-x86_64 | 0.8 | 30.00 | 180.00 | 210.00 | NOTE | |
r-oldrel-macos-arm64 | 0.8 | 75.00 | OK | |||
r-oldrel-macos-x86_64 | 0.8 | 140.00 | OK | |||
r-oldrel-windows-x86_64 | 0.8 | 31.00 | 175.00 | 206.00 | OK |
Version: 0.8
Flags: --no-vignettes
Check: Rd files
Result: NOTE
checkRd: (-1) NetworkChange.Rd:163: Escaped LaTeX specials: \&
checkRd: (-1) NetworkChangeRobust.Rd:144: Escaped LaTeX specials: \&
checkRd: (-1) NetworkStatic.Rd:142: Escaped LaTeX specials: \&
Flavors: r-devel-linux-x86_64-debian-clang, r-devel-linux-x86_64-debian-gcc, r-patched-linux-x86_64, r-release-linux-x86_64
Version: 0.8
Check: Rd files
Result: NOTE
checkRd: (-1) NetworkChange.Rd:163: Escaped LaTeX specials: \&
checkRd: (-1) NetworkChangeRobust.Rd:144: Escaped LaTeX specials: \&
checkRd: (-1) NetworkStatic.Rd:142: Escaped LaTeX specials: \&
Flavors: r-devel-linux-x86_64-fedora-clang, r-devel-linux-x86_64-fedora-gcc, r-devel-windows-x86_64, r-release-macos-arm64, r-release-macos-x86_64, r-release-windows-x86_64