Last updated on 2023-06-02 18:52:51 CEST.
Flavor | Version | Tinstall | Tcheck | Ttotal | Status | Flags |
---|---|---|---|---|---|---|
r-devel-linux-x86_64-debian-clang | 0.2.4 | 17.61 | 163.46 | 181.07 | OK | |
r-devel-linux-x86_64-debian-gcc | 0.2.4 | 12.35 | 123.15 | 135.50 | OK | |
r-devel-linux-x86_64-fedora-clang | 0.2.4 | 220.01 | NOTE | |||
r-devel-linux-x86_64-fedora-gcc | 0.2.4 | 231.92 | NOTE | |||
r-devel-windows-x86_64 | 0.2.4 | 15.00 | 141.00 | 156.00 | OK | |
r-patched-linux-x86_64 | 0.2.4 | OK | ||||
r-release-linux-x86_64 | 0.2.4 | 11.00 | 153.22 | 164.22 | OK | |
r-release-macos-arm64 | 0.2.4 | 66.00 | OK | |||
r-release-macos-x86_64 | 0.2.4 | 116.00 | OK | |||
r-release-windows-x86_64 | 0.2.4 | 19.00 | 173.00 | 192.00 | OK | |
r-oldrel-macos-arm64 | 0.2.4 | 63.00 | NOTE | |||
r-oldrel-macos-x86_64 | 0.2.4 | 109.00 | NOTE | |||
r-oldrel-windows-x86_64 | 0.2.4 | 20.00 | 169.00 | 189.00 | OK |
Version: 0.2.4
Check: dependencies in R code
Result: NOTE
Namespaces in Imports field not imported from:
‘Matrix’ ‘e1071’ ‘glmnet’
All declared Imports should be used.
Flavors: r-devel-linux-x86_64-fedora-clang, r-devel-linux-x86_64-fedora-gcc, r-oldrel-macos-arm64, r-oldrel-macos-x86_64