Last updated on 2023-06-02 18:52:51 CEST.
Flavor | Version | Tinstall | Tcheck | Ttotal | Status | Flags |
---|---|---|---|---|---|---|
r-devel-linux-x86_64-debian-clang | 1.9.5 | 405.08 | 86.99 | 492.07 | NOTE | |
r-devel-linux-x86_64-debian-gcc | 1.9.5 | 310.91 | 67.24 | 378.15 | NOTE | |
r-devel-linux-x86_64-fedora-clang | 1.9.5 | 1005.64 | NOTE | |||
r-devel-linux-x86_64-fedora-gcc | 1.9.5 | 783.83 | NOTE | |||
r-devel-windows-x86_64 | 1.9.5 | 304.00 | 121.00 | 425.00 | NOTE | |
r-patched-linux-x86_64 | 1.9.5 | NOTE | ||||
r-release-linux-x86_64 | 1.9.5 | 328.79 | 87.48 | 416.27 | NOTE | |
r-release-macos-arm64 | 1.9.5 | 184.00 | NOTE | |||
r-release-macos-x86_64 | 1.9.5 | 353.00 | NOTE | |||
r-release-windows-x86_64 | 1.9.5 | 309.00 | 145.00 | 454.00 | NOTE | |
r-oldrel-macos-arm64 | 1.9.5 | 172.00 | NOTE | |||
r-oldrel-macos-x86_64 | 1.9.5 | 247.00 | NOTE | |||
r-oldrel-windows-x86_64 | 1.9.5 | 421.00 | 135.00 | 556.00 | NOTE |
Version: 1.9.5
Check: C++ specification
Result: NOTE
Specified C++11: please drop specification unless essential
Flavors: r-devel-linux-x86_64-debian-clang, r-devel-linux-x86_64-debian-gcc, r-devel-linux-x86_64-fedora-clang, r-devel-linux-x86_64-fedora-gcc, r-devel-windows-x86_64, r-patched-linux-x86_64, r-release-linux-x86_64, r-release-macos-arm64, r-release-macos-x86_64, r-release-windows-x86_64
Version: 1.9.5
Check: installed package size
Result: NOTE
installed size is 6.5Mb
sub-directories of 1Mb or more:
doc 5.3Mb
Flavors: r-devel-linux-x86_64-fedora-clang, r-devel-windows-x86_64, r-release-macos-arm64, r-release-macos-x86_64, r-release-windows-x86_64, r-oldrel-macos-arm64, r-oldrel-macos-x86_64, r-oldrel-windows-x86_64