Last updated on 2024-04-24 00:55:51 CEST.
Flavor | Version | Tinstall | Tcheck | Ttotal | Status | Flags |
---|---|---|---|---|---|---|
r-devel-linux-x86_64-debian-clang | 1.2.2 | 96.80 | 572.68 | 669.48 | OK | |
r-devel-linux-x86_64-debian-gcc | 1.2.2 | 81.91 | 404.99 | 486.90 | OK | |
r-devel-linux-x86_64-fedora-clang | 1.2.2 | 875.97 | OK | |||
r-devel-linux-x86_64-fedora-gcc | 1.2.2 | 856.64 | OK | |||
r-prerel-macos-arm64 | 1.2.2 | 154.00 | NOTE | |||
r-prerel-macos-x86_64 | 1.2.2 | 303.00 | NOTE | |||
r-prerel-windows-x86_64 | 1.2.2 | 76.00 | 370.00 | 446.00 | OK | |
r-patched-linux-x86_64 | 1.2.2 | 75.04 | 538.59 | 613.63 | OK | |
r-release-linux-x86_64 | 1.2.2 | 94.65 | 539.30 | 633.95 | OK | |
r-release-macos-arm64 | 1.2.2 | 189.00 | NOTE | |||
r-release-macos-x86_64 | 1.2.2 | 297.00 | NOTE | |||
r-release-windows-x86_64 | 1.2.2 | 82.00 | 492.00 | 574.00 | NOTE | |
r-oldrel-macos-arm64 | 1.2.2 | 159.00 | NOTE | |||
r-oldrel-windows-x86_64 | 1.2.2 | 104.00 | 486.00 | 590.00 | NOTE |
Version: 1.2.2
Check: installed package size
Result: NOTE
installed size is 5.9Mb
sub-directories of 1Mb or more:
data 2.6Mb
libs 1.9Mb
Flavors: r-prerel-macos-arm64, r-prerel-macos-x86_64, r-release-macos-arm64, r-release-macos-x86_64, r-release-windows-x86_64, r-oldrel-macos-arm64, r-oldrel-windows-x86_64