Last updated on 2024-03-29 15:54:44 CET.
Flavor | Version | Tinstall | Tcheck | Ttotal | Status | Flags |
---|---|---|---|---|---|---|
r-devel-linux-x86_64-debian-clang | 1.3.2 | 2.78 | 37.92 | 40.70 | NOTE | |
r-devel-linux-x86_64-debian-gcc | 1.3.2 | 3.07 | 29.42 | 32.49 | NOTE | |
r-devel-linux-x86_64-fedora-clang | 1.3.2 | 52.86 | NOTE | |||
r-devel-linux-x86_64-fedora-gcc | 1.3.2 | 63.43 | NOTE | |||
r-devel-windows-x86_64 | 1.3.2 | 4.00 | 52.00 | 56.00 | NOTE | |
r-patched-linux-x86_64 | 1.3.2 | 5.25 | 37.57 | 42.82 | NOTE | |
r-release-linux-x86_64 | 1.3.2 | 3.79 | 34.56 | 38.35 | NOTE | |
r-release-macos-arm64 | 1.3.2 | 26.00 | NOTE | |||
r-release-macos-x86_64 | 1.3.2 | 33.00 | NOTE | |||
r-release-windows-x86_64 | 1.3.2 | 5.00 | 52.00 | 57.00 | NOTE | |
r-oldrel-macos-arm64 | 1.3.2 | 22.00 | NOTE | |||
r-oldrel-windows-x86_64 | 1.3.2 | 5.00 | 56.00 | 61.00 | NOTE |
Version: 1.3.2
Check: LazyData
Result: NOTE
'LazyData' is specified without a 'data' directory
Flavors: r-devel-linux-x86_64-debian-clang, r-devel-linux-x86_64-debian-gcc, r-devel-linux-x86_64-fedora-clang, r-devel-linux-x86_64-fedora-gcc, r-devel-windows-x86_64, r-patched-linux-x86_64, r-release-linux-x86_64, r-release-macos-arm64, r-release-macos-x86_64, r-release-windows-x86_64, r-oldrel-macos-arm64, r-oldrel-windows-x86_64