Last updated on 2023-06-07 17:55:44 CEST.
Flavor | Version | Tinstall | Tcheck | Ttotal | Status | Flags |
---|---|---|---|---|---|---|
r-devel-linux-x86_64-debian-clang | 0.1.2 | 24.67 | 458.78 | 483.45 | OK | |
r-devel-linux-x86_64-debian-gcc | 0.1.2 | 20.19 | 347.83 | 368.02 | OK | |
r-devel-linux-x86_64-fedora-clang | 0.1.2 | 635.32 | NOTE | |||
r-devel-linux-x86_64-fedora-gcc | 0.1.2 | 614.57 | OK | |||
r-devel-windows-x86_64 | 0.1.2 | 22.00 | 314.00 | 336.00 | OK | |
r-patched-linux-x86_64 | 0.1.2 | 24.92 | 436.27 | 461.19 | OK | |
r-release-linux-x86_64 | 0.1.2 | 23.54 | 420.49 | 444.03 | OK | |
r-release-macos-arm64 | 0.1.2 | 167.00 | OK | |||
r-release-macos-x86_64 | 0.1.2 | 286.00 | OK | |||
r-release-windows-x86_64 | 0.1.2 | 29.00 | 423.00 | 452.00 | OK | |
r-oldrel-macos-arm64 | 0.1.2 | 140.00 | OK | |||
r-oldrel-macos-x86_64 | 0.1.2 | 178.00 | OK | |||
r-oldrel-windows-x86_64 | 0.1.2 | 27.00 | 404.00 | 431.00 | OK |
Version: 0.1.2
Check: Rd cross-references
Result: NOTE
Undeclared package ‘survey’ in Rd xrefs
Flavor: r-devel-linux-x86_64-fedora-clang