CRAN Package Check Results for Package OddsPlotty

Last updated on 2023-01-28 00:52:55 CET.

Flavor Version Tinstall Tcheck Ttotal Status Flags
r-devel-linux-x86_64-debian-clang 1.0.2 6.21 70.42 76.63 OK
r-devel-linux-x86_64-debian-gcc 1.0.2 3.45 52.36 55.81 OK
r-devel-linux-x86_64-fedora-clang 1.0.2 93.70 NOTE
r-devel-linux-x86_64-fedora-gcc 1.0.2 100.31 NOTE
r-devel-windows-x86_64 1.0.2 9.00 101.00 110.00 OK
r-patched-linux-x86_64 1.0.2 6.26 68.20 74.46 OK
r-release-linux-x86_64 1.0.2 4.76 68.22 72.98 OK
r-release-macos-arm64 1.0.2 32.00 NOTE
r-release-macos-x86_64 1.0.2 53.00 NOTE
r-release-windows-x86_64 1.0.2 10.00 100.00 110.00 OK
r-oldrel-macos-arm64 1.0.2 36.00 NOTE
r-oldrel-macos-x86_64 1.0.2 43.00 NOTE
r-oldrel-windows-ix86+x86_64 1.0.2 18.00 106.00 124.00 OK

Check Details

Version: 1.0.2
Check: dependencies in R code
Result: NOTE
    Namespaces in Imports field not imported from:
     ‘caret’ ‘e1071’ ‘ggthemes’ ‘mlbench’ ‘rmarkdown’ ‘tidymodels’
     All declared Imports should be used.
Flavors: r-devel-linux-x86_64-fedora-clang, r-devel-linux-x86_64-fedora-gcc, r-release-macos-arm64, r-release-macos-x86_64, r-oldrel-macos-arm64, r-oldrel-macos-x86_64