CRAN Package Check Results for Package OddsPlotty

Last updated on 2023-12-01 00:52:04 CET.

Flavor Version Tinstall Tcheck Ttotal Status Flags
r-devel-linux-x86_64-debian-clang 1.0.2 6.19 65.08 71.27 OK
r-devel-linux-x86_64-debian-gcc 1.0.2 3.76 49.62 53.38 OK
r-devel-linux-x86_64-fedora-clang 1.0.2 87.80 NOTE
r-devel-linux-x86_64-fedora-gcc 1.0.2 93.99 NOTE
r-devel-windows-x86_64 1.0.2 6.00 70.00 76.00 OK
r-patched-linux-x86_64 1.0.2 3.63 63.00 66.63 OK
r-release-linux-x86_64 1.0.2 4.14 61.62 65.76 OK
r-release-macos-arm64 1.0.2 43.00 OK
r-release-macos-x86_64 1.0.2 58.00 OK
r-release-windows-x86_64 1.0.2 8.00 79.00 87.00 OK
r-oldrel-macos-arm64 1.0.2 32.00 NOTE
r-oldrel-macos-x86_64 1.0.2 53.00 NOTE
r-oldrel-windows-x86_64 1.0.2 8.00 83.00 91.00 OK

Check Details

Version: 1.0.2
Check: dependencies in R code
Result: NOTE Namespaces in Imports field not imported from: ‘caret’ ‘e1071’ ‘ggthemes’ ‘mlbench’ ‘rmarkdown’ ‘tidymodels’ All declared Imports should be used. Flavors: r-devel-linux-x86_64-fedora-clang, r-devel-linux-x86_64-fedora-gcc, r-oldrel-macos-arm64, r-oldrel-macos-x86_64