Last updated on 2024-08-08 08:49:22 CEST.
Flavor | Version | Tinstall | Tcheck | Ttotal | Status | Flags |
---|---|---|---|---|---|---|
r-devel-linux-x86_64-debian-clang | 0.9.3 | 7.18 | 95.04 | 102.22 | NOTE | |
r-devel-linux-x86_64-debian-gcc | 0.9.3 | 5.71 | 68.95 | 74.66 | NOTE | |
r-devel-linux-x86_64-fedora-clang | 0.9.3 | 176.94 | OK | |||
r-devel-linux-x86_64-fedora-gcc | 0.9.3 | 155.84 | OK | |||
r-devel-windows-x86_64 | 0.9.3 | 9.00 | 101.00 | 110.00 | NOTE | |
r-patched-linux-x86_64 | 0.9.3 | 9.85 | 91.07 | 100.92 | OK | |
r-release-linux-x86_64 | 0.9.3 | 8.13 | 90.89 | 99.02 | OK | |
r-release-macos-arm64 | 0.9.3 | 46.00 | OK | |||
r-release-macos-x86_64 | 0.9.3 | 69.00 | OK | |||
r-release-windows-x86_64 | 0.9.3 | 9.00 | 103.00 | 112.00 | OK | |
r-oldrel-macos-arm64 | 0.9.3 | 49.00 | OK | |||
r-oldrel-macos-x86_64 | 0.9.3 | 121.00 | OK | |||
r-oldrel-windows-x86_64 | 0.9.3 | 12.00 | 124.00 | 136.00 | OK |
Version: 0.9.3
Check: Rd cross-references
Result: NOTE
Found the following Rd file(s) with Rd \link{} targets missing package
anchors:
onestep.Rd: mledist, gofstat, plotdist, cdfcomp, denscomp, qqcomp,
ppcomp, fitdist
Please provide package anchors for all Rd \link{} targets not in the
package itself and the base packages.
Flavors: r-devel-linux-x86_64-debian-clang, r-devel-linux-x86_64-debian-gcc, r-devel-windows-x86_64