CRAN Package Check Results for Package OpenLand

Last updated on 2021-10-22 00:50:34 CEST.

Flavor Version Tinstall Tcheck Ttotal Status Flags
r-devel-linux-x86_64-debian-clang 1.0.1 27.07 329.94 357.01 OK
r-devel-linux-x86_64-debian-gcc 1.0.1 24.76 246.55 271.31 OK
r-devel-linux-x86_64-fedora-clang 1.0.1 380.10 WARN
r-devel-linux-x86_64-fedora-gcc 1.0.1 425.36 OK
r-devel-windows-x86_64 1.0.1 47.00 313.00 360.00 WARN
r-devel-windows-x86_64-gcc10-UCRT 1.0.1 ERROR
r-patched-linux-x86_64 1.0.1 26.60 315.11 341.71 OK
r-patched-solaris-x86 1.0.1 419.80 WARN
r-release-linux-x86_64 1.0.1 23.64 315.23 338.87 OK
r-release-macos-arm64 1.0.1 OK
r-release-macos-x86_64 1.0.1 WARN
r-release-windows-ix86+x86_64 1.0.1 44.00 308.00 352.00 WARN
r-oldrel-macos-x86_64 1.0.1 WARN
r-oldrel-windows-ix86+x86_64 1.0.1 31.00 170.00 201.00 WARN

Check Details

Version: 1.0.1
Check: re-building of vignette outputs
Result: WARN
    Error(s) in re-building vignettes:
    --- re-building ‘openland_vignette.Rmd’ using rmarkdown
    trying URL 'https://zenodo.org/record/3685230/files/SaoLourencoBasin.rda?download=1'
    Quitting from lines 40-52 (openland_vignette.Rmd)
    Error: processing vignette 'openland_vignette.Rmd' failed with diagnostics:
    cannot open URL 'https://zenodo.org/record/3685230/files/SaoLourencoBasin.rda?download=1'
    --- failed re-building ‘openland_vignette.Rmd’
    
    SUMMARY: processing the following file failed:
     ‘openland_vignette.Rmd’
    
    Error: Vignette re-building failed.
    Execution halted
Flavors: r-devel-linux-x86_64-fedora-clang, r-devel-windows-x86_64, r-release-windows-ix86+x86_64, r-oldrel-windows-ix86+x86_64

Version: 1.0.1
Check: package dependencies
Result: ERROR
    Package required but not available: 'networkD3'
    
    See section 'The DESCRIPTION file' in the 'Writing R Extensions'
    manual.
Flavor: r-devel-windows-x86_64-gcc10-UCRT

Version: 1.0.1
Check: re-building of vignette outputs
Result: WARN
    Error(s) in re-building vignettes:
     ...
    --- re-building ‘openland_vignette.Rmd’ using rmarkdown
    Pandoc is required to build R Markdown vignettes but not available. Please make sure it is installed.
    trying URL 'https://zenodo.org/record/3685230/files/SaoLourencoBasin.rda?download=1'
    Content type 'application/octet-stream' length 5309066 bytes (5.1 MB)
    ==================================================
    downloaded 5.1 MB
    
    Quitting from lines 264-269 (openland_vignette.Rmd)
    Error: processing vignette 'openland_vignette.Rmd' failed with diagnostics:
    there is no package called 'webshot'
    --- failed re-building ‘openland_vignette.Rmd’
    
    SUMMARY: processing the following file failed:
     ‘openland_vignette.Rmd’
    
    Error: Vignette re-building failed.
    Execution halted
Flavor: r-patched-solaris-x86

Version: 1.0.1
Check: re-building of vignette outputs
Result: WARN
    Error(s) in re-building vignettes:
     ...
    --- re-building ‘openland_vignette.Rmd’ using rmarkdown
    Warning in engine$weave(file, quiet = quiet, encoding = enc) :
     Pandoc (>= 1.12.3) not available. Falling back to R Markdown v1.
    trying URL 'https://zenodo.org/record/3685230/files/SaoLourencoBasin.rda?download=1'
    Content type 'application/octet-stream' length 5309066 bytes (5.1 MB)
    ==================================================
    downloaded 5.1 MB
    
    Quitting from lines 264-269 (openland_vignette.Rmd)
    Error: processing vignette 'openland_vignette.Rmd' failed with diagnostics:
    invalid 'path' argument
    --- failed re-building ‘openland_vignette.Rmd’
    
    SUMMARY: processing the following file failed:
     ‘openland_vignette.Rmd’
    
    Error: Vignette re-building failed.
    Execution halted
Flavor: r-release-macos-x86_64

Version: 1.0.1
Check: re-building of vignette outputs
Result: WARN
    Error(s) in re-building vignettes:
     ...
    --- re-building ‘openland_vignette.Rmd’ using rmarkdown
    Warning in engine$weave(file, quiet = quiet, encoding = enc) :
     Pandoc (>= 1.12.3) and/or pandoc-citeproc not available. Falling back to R Markdown v1.
    trying URL 'https://zenodo.org/record/3685230/files/SaoLourencoBasin.rda?download=1'
    Content type 'application/octet-stream' length 5309066 bytes (5.1 MB)
    ==================================================
    downloaded 5.1 MB
    
    Quitting from lines 264-269 (openland_vignette.Rmd)
    Error: processing vignette 'openland_vignette.Rmd' failed with diagnostics:
    cannot open the connection
    --- failed re-building ‘openland_vignette.Rmd’
    
    SUMMARY: processing the following file failed:
     ‘openland_vignette.Rmd’
    
    Error: Vignette re-building failed.
    Execution halted
Flavor: r-oldrel-macos-x86_64