CRAN Package Check Results for Package OpenML

Last updated on 2021-10-22 20:49:09 CEST.

Flavor Version Tinstall Tcheck Ttotal Status Flags
r-devel-linux-x86_64-debian-clang 1.10 10.16 70.29 80.45 NOTE
r-devel-linux-x86_64-debian-gcc 1.10 6.80 53.31 60.11 NOTE
r-devel-linux-x86_64-fedora-clang 1.10 106.10 NOTE
r-devel-linux-x86_64-fedora-gcc 1.10 92.01 NOTE
r-devel-windows-x86_64 1.10 15.00 90.00 105.00 NOTE
r-devel-windows-x86_64-gcc10-UCRT 1.10 NOTE
r-patched-linux-x86_64 1.10 10.55 67.59 78.14 NOTE
r-patched-solaris-x86 1.10 127.90 NOTE
r-release-linux-x86_64 1.10 8.68 67.10 75.78 NOTE
r-release-macos-arm64 1.10 NOTE
r-release-macos-x86_64 1.10 NOTE
r-release-windows-ix86+x86_64 1.10 13.00 93.00 106.00 NOTE
r-oldrel-macos-x86_64 1.10 OK
r-oldrel-windows-ix86+x86_64 1.10 19.00 87.00 106.00 OK

Check Details

Version: 1.10
Check: LazyData
Result: NOTE
     'LazyData' is specified without a 'data' directory
Flavors: r-devel-linux-x86_64-debian-clang, r-devel-linux-x86_64-debian-gcc, r-devel-linux-x86_64-fedora-clang, r-devel-linux-x86_64-fedora-gcc, r-devel-windows-x86_64, r-devel-windows-x86_64-gcc10-UCRT, r-patched-linux-x86_64, r-patched-solaris-x86, r-release-linux-x86_64, r-release-macos-arm64, r-release-macos-x86_64, r-release-windows-ix86+x86_64

Version: 1.10
Check: package dependencies
Result: NOTE
    Package suggested but not available for checking: ‘RWeka’
Flavor: r-patched-solaris-x86