Last updated on 2023-06-05 16:55:01 CEST.
Flavor | Version | Tinstall | Tcheck | Ttotal | Status | Flags |
---|---|---|---|---|---|---|
r-devel-linux-x86_64-debian-clang | 0.0.4 | 22.86 | 61.23 | 84.09 | OK | |
r-devel-linux-x86_64-debian-gcc | 0.0.4 | 13.71 | 47.79 | 61.50 | OK | |
r-devel-linux-x86_64-fedora-clang | 0.0.4 | 112.48 | NOTE | |||
r-devel-linux-x86_64-fedora-gcc | 0.0.4 | 118.31 | NOTE | |||
r-devel-windows-x86_64 | 0.0.4 | 21.00 | 88.00 | 109.00 | OK | |
r-patched-linux-x86_64 | 0.0.4 | 18.26 | 58.16 | 76.42 | OK | |
r-release-linux-x86_64 | 0.0.4 | 19.41 | 58.02 | 77.43 | OK | |
r-release-macos-arm64 | 0.0.4 | 40.00 | OK | |||
r-release-macos-x86_64 | 0.0.4 | 66.00 | OK | |||
r-release-windows-x86_64 | 0.0.4 | 26.00 | 99.00 | 125.00 | OK | |
r-oldrel-macos-arm64 | 0.0.4 | 35.00 | NOTE | |||
r-oldrel-macos-x86_64 | 0.0.4 | 45.00 | NOTE | |||
r-oldrel-windows-x86_64 | 0.0.4 | 23.00 | 102.00 | 125.00 | OK |
Version: 0.0.4
Check: dependencies in R code
Result: NOTE
Namespace in Imports field not imported from: ‘reshape2’
All declared Imports should be used.
Flavors: r-devel-linux-x86_64-fedora-clang, r-devel-linux-x86_64-fedora-gcc, r-oldrel-macos-arm64, r-oldrel-macos-x86_64