CRAN Package Check Results for Package OptCirClust

Last updated on 2024-02-29 00:55:48 CET.

Flavor Version Tinstall Tcheck Ttotal Status Flags
r-devel-linux-x86_64-debian-clang 0.0.4 24.44 62.12 86.56 OK
r-devel-linux-x86_64-debian-gcc 0.0.4 18.76 47.70 66.46 OK
r-devel-linux-x86_64-fedora-clang 0.0.4 114.73 NOTE
r-devel-linux-x86_64-fedora-gcc 0.0.4 118.95 NOTE
r-devel-windows-x86_64 0.0.4 21.00 86.00 107.00 OK
r-patched-linux-x86_64 0.0.4 25.42 60.23 85.65 OK
r-release-linux-x86_64 0.0.4 26.06 60.47 86.53 OK
r-release-macos-arm64 0.0.4 40.00 OK
r-release-macos-x86_64 0.0.4 66.00 OK
r-release-windows-x86_64 0.0.4 25.00 97.00 122.00 OK
r-oldrel-macos-arm64 0.0.4 35.00 NOTE
r-oldrel-windows-x86_64 0.0.4 24.00 101.00 125.00 OK

Check Details

Version: 0.0.4
Check: dependencies in R code
Result: NOTE Namespace in Imports field not imported from: ‘reshape2’ All declared Imports should be used. Flavors: r-devel-linux-x86_64-fedora-clang, r-devel-linux-x86_64-fedora-gcc, r-oldrel-macos-arm64