Last updated on 2024-03-28 23:55:14 CET.
Flavor | Version | Tinstall | Tcheck | Ttotal | Status | Flags |
---|---|---|---|---|---|---|
r-devel-linux-x86_64-debian-clang | 0.1.2 | 9.14 | 83.52 | 92.66 | OK | |
r-devel-linux-x86_64-debian-gcc | 0.1.2 | 6.25 | 63.25 | 69.50 | OK | |
r-devel-linux-x86_64-fedora-clang | 0.1.2 | 113.67 | OK | |||
r-devel-linux-x86_64-fedora-gcc | 0.1.2 | 123.07 | OK | |||
r-devel-windows-x86_64 | 0.1.2 | 8.00 | 76.00 | 84.00 | OK | |
r-patched-linux-x86_64 | 0.1.2 | 5.97 | 79.15 | 85.12 | OK | |
r-release-linux-x86_64 | 0.1.2 | 5.37 | 80.42 | 85.79 | OK | |
r-release-macos-arm64 | 0.1.2 | 6.00 | ERROR | |||
r-release-macos-x86_64 | 0.1.2 | 68.00 | OK | |||
r-release-windows-x86_64 | 0.1.2 | 11.00 | 90.00 | 101.00 | OK | |
r-oldrel-macos-arm64 | 0.1.2 | 33.00 | OK | |||
r-oldrel-windows-x86_64 | 0.1.2 | 12.00 | 99.00 | 111.00 | OK |
Version: 0.1.2
Check: whether package can be installed
Result: ERROR
Installation failed.
Flavor: r-release-macos-arm64