Last updated on 2024-07-18 00:55:01 CEST.
Flavor | Version | Tinstall | Tcheck | Ttotal | Status | Flags |
---|---|---|---|---|---|---|
r-devel-linux-x86_64-debian-clang | 1.12.1 | 23.80 | 158.18 | 181.98 | OK | |
r-devel-linux-x86_64-debian-gcc | 1.12.1 | 17.84 | 115.26 | 133.10 | OK | |
r-devel-linux-x86_64-fedora-clang | 1.12.1 | 242.05 | OK | |||
r-devel-linux-x86_64-fedora-gcc | 1.12.1 | 214.10 | OK | |||
r-devel-windows-x86_64 | 1.12.1 | 18.00 | 124.00 | 142.00 | NOTE | |
r-patched-linux-x86_64 | 1.12.1 | 27.19 | 154.02 | 181.21 | OK | |
r-release-linux-x86_64 | 1.12.1 | 12.90 | 153.58 | 166.48 | OK | |
r-release-macos-arm64 | 1.12.1 | 83.00 | OK | |||
r-release-macos-x86_64 | 1.12.1 | 189.00 | OK | |||
r-release-windows-x86_64 | 1.12.1 | 17.00 | 120.00 | 137.00 | OK | |
r-oldrel-macos-arm64 | 1.12.1 | 62.00 | OK | |||
r-oldrel-macos-x86_64 | 1.12.1 | 117.00 | OK | |||
r-oldrel-windows-x86_64 | 1.12.1 | 21.00 | 147.00 | 168.00 | OK |
Version: 1.12.1
Check: Rd cross-references
Result: NOTE
Found the following Rd file(s) with Rd \link{} targets missing package
anchors:
plotPresBar.Rd: ggplot2
writeAMWave.Rd: Wave-class
writeClickWave.Rd: Wave-class
Please provide package anchors for all Rd \link{} targets not in the
package itself and the base packages.
Flavor: r-devel-windows-x86_64