Last updated on 2023-11-28 16:48:27 CET.
Flavor | Version | Tinstall | Tcheck | Ttotal | Status | Flags |
---|---|---|---|---|---|---|
r-devel-linux-x86_64-debian-clang | 2.73.4 | 22.74 | 101.32 | 124.06 | OK | |
r-devel-linux-x86_64-debian-gcc | 2.73.4 | 20.73 | 77.38 | 98.11 | OK | |
r-devel-linux-x86_64-fedora-clang | 2.73.4 | 159.16 | NOTE | |||
r-devel-linux-x86_64-fedora-gcc | 2.73.4 | 172.64 | OK | |||
r-devel-windows-x86_64 | 2.73.4 | 25.00 | 126.00 | 151.00 | NOTE | |
r-patched-linux-x86_64 | 2.73.4 | 26.87 | 97.29 | 124.16 | OK | |
r-release-linux-x86_64 | 2.73.4 | 22.56 | 97.02 | 119.58 | OK | |
r-release-macos-arm64 | 2.73.4 | 54.00 | NOTE | |||
r-release-macos-x86_64 | 2.73.4 | 182.00 | NOTE | |||
r-release-windows-x86_64 | 2.73.4 | 30.00 | 141.00 | 171.00 | NOTE | |
r-oldrel-macos-arm64 | 2.73.4 | 51.00 | NOTE | |||
r-oldrel-macos-x86_64 | 2.73.2 | 76.00 | NOTE | |||
r-oldrel-windows-x86_64 | 2.73.4 | 33.00 | 144.00 | 177.00 | NOTE |
Version: 2.73.4
Check: installed package size
Result: NOTE
installed size is 5.6Mb
sub-directories of 1Mb or more:
data 2.7Mb
doc 1.1Mb
Flavors: r-devel-linux-x86_64-fedora-clang, r-devel-windows-x86_64, r-release-macos-arm64, r-release-macos-x86_64, r-release-windows-x86_64, r-oldrel-macos-arm64, r-oldrel-windows-x86_64
Version: 2.73.2
Check: installed package size
Result: NOTE
installed size is 6.7Mb
sub-directories of 1Mb or more:
data 2.7Mb
doc 1.1Mb
libs 1.4Mb
Flavor: r-oldrel-macos-x86_64