Last updated on 2023-06-08 08:55:29 CEST.
Flavor | Version | Tinstall | Tcheck | Ttotal | Status | Flags |
---|---|---|---|---|---|---|
r-devel-linux-x86_64-debian-clang | 2.68.8 | 19.78 | 116.52 | 136.30 | OK | |
r-devel-linux-x86_64-debian-gcc | 2.68.8 | 14.55 | 88.93 | 103.48 | OK | |
r-devel-linux-x86_64-fedora-clang | 2.68.8 | 175.84 | NOTE | |||
r-devel-linux-x86_64-fedora-gcc | 2.68.8 | 175.34 | OK | |||
r-devel-windows-x86_64 | 2.68.8 | 22.00 | 126.00 | 148.00 | OK | |
r-patched-linux-x86_64 | 2.68.8 | 18.58 | 110.98 | 129.56 | OK | |
r-release-linux-x86_64 | 2.68.8 | 15.80 | 112.75 | 128.55 | OK | |
r-release-macos-arm64 | 2.68.8 | 52.00 | NOTE | |||
r-release-macos-x86_64 | 2.68.8 | 94.00 | NOTE | |||
r-release-windows-x86_64 | 2.68.8 | 19.00 | 131.00 | 150.00 | OK | |
r-oldrel-macos-arm64 | 2.68.8 | 74.00 | NOTE | |||
r-oldrel-macos-x86_64 | 2.68.8 | 118.00 | NOTE | |||
r-oldrel-windows-x86_64 | 2.68.8 | 25.00 | 131.00 | 156.00 | OK |
Version: 2.68.8
Check: installed package size
Result: NOTE
installed size is 5.2Mb
sub-directories of 1Mb or more:
doc 1.3Mb
examples 1.7Mb
Flavors: r-devel-linux-x86_64-fedora-clang, r-release-macos-arm64, r-release-macos-x86_64, r-oldrel-macos-arm64, r-oldrel-macos-x86_64