Last updated on 2023-06-02 16:57:11 CEST.
Flavor | Version | Tinstall | Tcheck | Ttotal | Status | Flags |
---|---|---|---|---|---|---|
r-devel-linux-x86_64-debian-clang | 0.1-4 | 38.59 | 98.40 | 136.99 | NOTE | |
r-devel-linux-x86_64-debian-gcc | 0.1-4 | 37.20 | 69.85 | 107.05 | NOTE | |
r-devel-linux-x86_64-fedora-clang | 0.1-4 | 193.23 | NOTE | |||
r-devel-linux-x86_64-fedora-gcc | 0.1-4 | 199.96 | NOTE | |||
r-devel-windows-x86_64 | 0.1-4 | 37.00 | 102.00 | 139.00 | NOTE | |
r-patched-linux-x86_64 | 0.1-4 | NOTE | ||||
r-release-linux-x86_64 | 0.1-4 | 33.06 | 89.00 | 122.06 | NOTE | |
r-release-macos-arm64 | 0.1-4 | 55.00 | NOTE | |||
r-release-macos-x86_64 | 0.1-4 | 88.00 | NOTE | |||
r-release-windows-x86_64 | 0.1-4 | 48.00 | 117.00 | 165.00 | NOTE | |
r-oldrel-macos-arm64 | 0.1-4 | 51.00 | OK | |||
r-oldrel-macos-x86_64 | 0.1-4 | 64.00 | OK | |||
r-oldrel-windows-x86_64 | 0.1-4 | 46.00 | 115.00 | 161.00 | OK |
Version: 0.1-4
Check: C++ specification
Result: NOTE
Specified C++11: please drop specification unless essential
Flavors: r-devel-linux-x86_64-debian-clang, r-devel-linux-x86_64-debian-gcc, r-devel-linux-x86_64-fedora-clang, r-devel-linux-x86_64-fedora-gcc, r-devel-windows-x86_64, r-patched-linux-x86_64, r-release-linux-x86_64, r-release-macos-arm64, r-release-macos-x86_64, r-release-windows-x86_64