CRAN Package Check Results for Package PDShiny

Last updated on 2021-09-27 20:48:26 CEST.

Flavor Version Tinstall Tcheck Ttotal Status Flags
r-devel-linux-x86_64-debian-clang 0.1.0 1.90 20.29 22.19 NOTE
r-devel-linux-x86_64-debian-gcc 0.1.0 1.59 16.21 17.80 NOTE
r-devel-linux-x86_64-fedora-clang 0.1.0 36.94 NOTE
r-devel-linux-x86_64-fedora-gcc 0.1.0 25.44 NOTE
r-devel-windows-x86_64 0.1.0 5.00 28.00 33.00 NOTE
r-devel-windows-x86_64-gcc10-UCRT 0.1.0 NOTE
r-patched-linux-x86_64 0.1.0 1.91 19.80 21.71 NOTE
r-patched-solaris-x86 0.1.0 41.50 NOTE
r-release-linux-x86_64 0.1.0 2.01 19.86 21.87 NOTE
r-release-macos-arm64 0.1.0 NOTE
r-release-macos-x86_64 0.1.0 NOTE
r-release-windows-ix86+x86_64 0.1.0 4.00 35.00 39.00 NOTE
r-oldrel-macos-x86_64 0.1.0 OK
r-oldrel-windows-ix86+x86_64 0.1.0 4.00 27.00 31.00 OK

Check Details

Version: 0.1.0
Check: LazyData
Result: NOTE
     'LazyData' is specified without a 'data' directory
Flavors: r-devel-linux-x86_64-debian-clang, r-devel-linux-x86_64-debian-gcc, r-devel-linux-x86_64-fedora-clang, r-devel-linux-x86_64-fedora-gcc, r-devel-windows-x86_64, r-devel-windows-x86_64-gcc10-UCRT, r-patched-linux-x86_64, r-patched-solaris-x86, r-release-linux-x86_64, r-release-macos-arm64, r-release-macos-x86_64, r-release-windows-ix86+x86_64