Last updated on 2024-04-20 00:56:18 CEST.
Flavor | Version | Tinstall | Tcheck | Ttotal | Status | Flags |
---|---|---|---|---|---|---|
r-devel-linux-x86_64-debian-clang | 1.2.0 | 14.02 | 171.54 | 185.56 | NOTE | |
r-devel-linux-x86_64-debian-gcc | 1.2.0 | NOTE | ||||
r-devel-linux-x86_64-fedora-clang | 1.2.0 | 224.82 | NOTE | |||
r-devel-linux-x86_64-fedora-gcc | 1.2.0 | 214.03 | NOTE | |||
r-prerel-macos-arm64 | 1.2.0 | 58.00 | NOTE | |||
r-prerel-windows-x86_64 | 1.2.0 | 13.00 | 141.00 | 154.00 | NOTE | |
r-patched-linux-x86_64 | 1.2.0 | 9.52 | 161.88 | 171.40 | NOTE | |
r-release-linux-x86_64 | 1.2.0 | 9.42 | 161.97 | 171.39 | OK | |
r-release-macos-arm64 | 1.2.0 | 64.00 | OK | |||
r-release-macos-x86_64 | 1.2.0 | 162.00 | OK | |||
r-release-windows-x86_64 | 1.2.0 | 18.00 | 172.00 | 190.00 | OK | |
r-oldrel-macos-arm64 | 1.2.0 | 59.00 | OK | |||
r-oldrel-windows-x86_64 | 1.2.0 | 19.00 | 171.00 | 190.00 | OK |
Version: 1.2.0
Check: Rd files
Result: NOTE
checkRd: (-1) embedded.blocks.Rd:39: Lost braces
39 | \item{miv.threshold}{MIV (marginal information value) entrance threshold applicable only for code{"stepMIV"} method.
| ^
checkRd: (-1) embedded.blocks.Rd:44: Lost braces
44 | \item{m.ch.p.val}{Significance level of p-value for marginal chi-square test applicable only for code{"stepMIV"} method.
| ^
checkRd: (-1) ensemble.blocks.Rd:39: Lost braces
39 | \item{miv.threshold}{MIV (marginal information value) entrance threshold applicable only for code{"stepMIV"} method.
| ^
checkRd: (-1) ensemble.blocks.Rd:44: Lost braces
44 | \item{m.ch.p.val}{Significance level of p-value for marginal chi-square test applicable only for code{"stepMIV"} method.
| ^
checkRd: (-1) staged.blocks.Rd:39: Lost braces
39 | \item{miv.threshold}{MIV (marginal information value) entrance threshold applicable only for code{"stepMIV"} method.
| ^
checkRd: (-1) staged.blocks.Rd:44: Lost braces
44 | \item{m.ch.p.val}{Significance level of p-value for marginal chi-square test applicable only for code{"stepMIV"} method.
| ^
Flavors: r-devel-linux-x86_64-debian-clang, r-devel-linux-x86_64-debian-gcc, r-devel-linux-x86_64-fedora-clang, r-devel-linux-x86_64-fedora-gcc, r-prerel-macos-arm64, r-prerel-windows-x86_64, r-patched-linux-x86_64