Last updated on 2024-03-28 23:55:15 CET.
Flavor | Version | Tinstall | Tcheck | Ttotal | Status | Flags |
---|---|---|---|---|---|---|
r-devel-linux-x86_64-debian-clang | 1.5 | 13.42 | 60.22 | 73.64 | NOTE | |
r-devel-linux-x86_64-debian-gcc | 1.5 | 7.89 | 43.98 | 51.87 | NOTE | |
r-devel-linux-x86_64-fedora-clang | 1.5 | 87.13 | NOTE | |||
r-devel-linux-x86_64-fedora-gcc | 1.5 | 82.11 | NOTE | |||
r-devel-windows-x86_64 | 1.5 | 10.00 | 58.00 | 68.00 | NOTE | |
r-patched-linux-x86_64 | 1.5 | 10.63 | 56.93 | 67.56 | NOTE | |
r-release-linux-x86_64 | 1.5 | 6.93 | 57.31 | 64.24 | NOTE | |
r-release-macos-arm64 | 1.5 | 25.00 | NOTE | |||
r-release-macos-x86_64 | 1.5 | 39.00 | NOTE | |||
r-release-windows-x86_64 | 1.5 | 14.00 | 64.00 | 78.00 | NOTE | |
r-oldrel-macos-arm64 | 1.5 | 21.00 | NOTE | |||
r-oldrel-windows-x86_64 | 1.5 | 14.00 | 65.00 | 79.00 | NOTE |
Version: 1.5
Check: LazyData
Result: NOTE
'LazyData' is specified without a 'data' directory
Flavors: r-devel-linux-x86_64-debian-clang, r-devel-linux-x86_64-debian-gcc, r-devel-linux-x86_64-fedora-clang, r-devel-linux-x86_64-fedora-gcc, r-devel-windows-x86_64, r-patched-linux-x86_64, r-release-linux-x86_64, r-release-macos-arm64, r-release-macos-x86_64, r-release-windows-x86_64, r-oldrel-macos-arm64, r-oldrel-windows-x86_64