Last updated on 2023-06-08 01:02:36 CEST.
Flavor | Version | Tinstall | Tcheck | Ttotal | Status | Flags |
---|---|---|---|---|---|---|
r-devel-linux-x86_64-debian-clang | 2.1.1 | 200.46 | 158.66 | 359.12 | OK | |
r-devel-linux-x86_64-debian-gcc | 2.1.1 | 146.71 | 115.30 | 262.01 | OK | |
r-devel-linux-x86_64-fedora-clang | 2.1.1 | 535.88 | NOTE | |||
r-devel-linux-x86_64-fedora-gcc | 2.1.1 | 483.85 | NOTE | |||
r-devel-windows-x86_64 | 2.1.1 | 143.00 | 172.00 | 315.00 | OK | |
r-patched-linux-x86_64 | 2.1.1 | 135.68 | 150.50 | 286.18 | OK | |
r-release-linux-x86_64 | 2.1.1 | 115.09 | 148.68 | 263.77 | OK | |
r-release-macos-arm64 | 2.1.1 | 116.00 | OK | |||
r-release-macos-x86_64 | 2.1.1 | 199.00 | OK | |||
r-release-windows-x86_64 | 2.1.1 | 196.00 | 198.00 | 394.00 | OK | |
r-oldrel-macos-arm64 | 2.1.1 | 104.00 | NOTE | |||
r-oldrel-macos-x86_64 | 2.1.1 | 176.00 | NOTE | |||
r-oldrel-windows-x86_64 | 2.1.1 | 180.00 | 191.00 | 371.00 | OK |
Version: 2.1.1
Check: dependencies in R code
Result: NOTE
Namespaces in Imports field not imported from:
‘PlackettLuce’ ‘StatRank’ ‘pmr’ ‘prefmod’ ‘rankdist’
All declared Imports should be used.
Flavors: r-devel-linux-x86_64-fedora-clang, r-devel-linux-x86_64-fedora-gcc, r-oldrel-macos-arm64, r-oldrel-macos-x86_64