Last updated on 2024-04-20 00:56:18 CEST.
Flavor | Version | Tinstall | Tcheck | Ttotal | Status | Flags |
---|---|---|---|---|---|---|
r-devel-linux-x86_64-debian-clang | 1.2.0 | 238.62 | 778.39 | 1017.01 | OK | |
r-devel-linux-x86_64-debian-gcc | 1.2.0 | OK | ||||
r-devel-linux-x86_64-fedora-clang | 1.2.0 | 1331.54 | NOTE | |||
r-devel-linux-x86_64-fedora-gcc | 1.2.0 | 1335.70 | OK | |||
r-prerel-macos-arm64 | 1.2.0 | 289.00 | NOTE | |||
r-prerel-macos-x86_64 | 1.2.0 | 549.00 | NOTE | |||
r-prerel-windows-x86_64 | 1.2.0 | 177.00 | 566.00 | 743.00 | NOTE | |
r-patched-linux-x86_64 | 1.2.0 | 182.87 | 707.86 | 890.73 | OK | |
r-release-linux-x86_64 | 1.2.0 | 177.08 | 713.63 | 890.71 | OK | |
r-release-macos-arm64 | 1.2.0 | 347.00 | NOTE | |||
r-release-macos-x86_64 | 1.2.0 | 585.00 | NOTE | |||
r-release-windows-x86_64 | 1.2.0 | 232.00 | 734.00 | 966.00 | NOTE | |
r-oldrel-macos-arm64 | 1.2.0 | 298.00 | NOTE | |||
r-oldrel-windows-x86_64 | 1.2.0 | 226.00 | 707.00 | 933.00 | NOTE |
Version: 1.2.0
Check: installed package size
Result: NOTE
installed size is 6.0Mb
sub-directories of 1Mb or more:
data 1.4Mb
doc 2.1Mb
Flavors: r-devel-linux-x86_64-fedora-clang, r-prerel-macos-arm64, r-prerel-macos-x86_64, r-prerel-windows-x86_64, r-release-macos-arm64, r-release-macos-x86_64, r-release-windows-x86_64, r-oldrel-macos-arm64, r-oldrel-windows-x86_64