CRAN Package Check Results for Package PMwR

Last updated on 2023-06-07 17:55:45 CEST.

Flavor Version Tinstall Tcheck Ttotal Status Flags
r-devel-linux-x86_64-debian-clang 0.18-0 10.54 113.07 123.61 OK
r-devel-linux-x86_64-debian-gcc 0.19-1 9.30 86.38 95.68 OK
r-devel-linux-x86_64-fedora-clang 0.19-1 166.86 OK
r-devel-linux-x86_64-fedora-gcc 0.19-1 163.24 OK
r-devel-windows-x86_64 0.19-1 16.00 184.00 200.00 OK
r-patched-linux-x86_64 0.19-1 13.23 109.40 122.63 OK
r-release-linux-x86_64 0.18-0 9.68 108.53 118.21 OK
r-release-macos-arm64 0.19-1 80.00 OK
r-release-macos-x86_64 0.18-0 84.00 NOTE
r-release-windows-x86_64 0.19-1 11.00 164.00 175.00 OK
r-oldrel-macos-arm64 0.19-1 68.00 OK
r-oldrel-macos-x86_64 0.19-1 69.00 OK
r-oldrel-windows-x86_64 0.19-1 17.00 180.00 197.00 OK

Check Details

Version: 0.18-0
Check: re-building of vignette outputs
Result: NOTE
    Error(s) in re-building vignettes:
    --- re-building ‘An_overview_of_PMwR.Rnw’ using Sweave
    
    Attaching package: 'zoo'
    
    The following objects are masked from 'package:base':
    
     as.Date, as.Date.numeric
    
    Loading required namespace: tinytest
    --- finished re-building 'An_overview_of_PMwR.Rnw'
    
    --- re-building ‘Computing_returns.Rnw’ using Sweave
    
    Attaching package: 'zoo'
    
    The following objects are masked from 'package:base':
    
     as.Date, as.Date.numeric
    
    --- finished re-building 'Computing_returns.Rnw'
    
    --- re-building ‘Drawdowns_streaks.Rnw’ using Sweave
    
    Attaching package: 'zoo'
    
    The following objects are masked from 'package:base':
    
     as.Date, as.Date.numeric
    
    --- finished re-building 'Drawdowns_streaks.Rnw'
    
    --- re-building ‘FinTeX.Rnw’ using Sweave
    
    Attaching package: 'zoo'
    
    The following objects are masked from 'package:base':
    
     as.Date, as.Date.numeric
    
    Error: processing vignette 'FinTeX.Rnw' failed with diagnostics:
    Running 'texi2dvi' on 'FinTeX.tex' failed.
    LaTeX errors:
    ! LaTeX Error: File `sparklines.sty' not found.
    
    Type X to quit or <RETURN> to proceed,
    or enter new name. (Default extension: sty)
    
    ! Emergency stop.
    <read *>
    
    l.15 \usepackage
     [hang]{footmisc}^^M
    ! ==> Fatal error occurred, no output PDF file produced!
    --- failed re-building 'FinTeX.Rnw'
    
    --- re-building ‘pl_open_positions.Rnw’ using Sweave
    'sum(amount)' is not zero: specify 'vprice' to compute P/L.
    average sell includes 'vprice'
    --- finished re-building 'pl_open_positions.Rnw'
    
    --- re-building ‘q32.Rnw’ using Sweave
    Loading required package: PMwR
    --- finished re-building 'q32.Rnw'
    
    SUMMARY: processing the following file failed:
     ‘FinTeX.Rnw’
    
    Error: Vignette re-building failed.
    Execution halted
Flavor: r-release-macos-x86_64