CRAN Package Check Results for Package POD

Last updated on 2024-02-29 08:49:02 CET.

Flavor Version Tinstall Tcheck Ttotal Status Flags
r-devel-linux-x86_64-debian-clang 1.2.0 2.21 26.38 28.59 NOTE
r-devel-linux-x86_64-debian-gcc 1.2.0 2.11 20.52 22.63 NOTE
r-devel-linux-x86_64-fedora-clang 1.2.0 36.00 NOTE
r-devel-linux-x86_64-fedora-gcc 1.2.0 46.99 NOTE
r-devel-windows-x86_64 1.2.0 3.00 39.00 42.00 NOTE
r-patched-linux-x86_64 1.2.0 2.33 25.68 28.01 NOTE
r-release-linux-x86_64 1.2.0 2.85 25.73 28.58 NOTE
r-release-macos-arm64 1.2.0 21.00 NOTE
r-release-macos-x86_64 1.2.0 33.00 NOTE
r-release-windows-x86_64 1.2.0 4.00 39.00 43.00 NOTE
r-oldrel-macos-arm64 1.2.0 17.00 NOTE
r-oldrel-windows-x86_64 1.2.0 7.00 49.00 56.00 NOTE

Check Details

Version: 1.2.0
Check: LazyData
Result: NOTE 'LazyData' is specified without a 'data' directory Flavors: r-devel-linux-x86_64-debian-clang, r-devel-linux-x86_64-debian-gcc, r-devel-linux-x86_64-fedora-clang, r-devel-linux-x86_64-fedora-gcc, r-devel-windows-x86_64, r-patched-linux-x86_64, r-release-linux-x86_64, r-release-macos-arm64, r-release-macos-x86_64, r-release-windows-x86_64, r-oldrel-macos-arm64, r-oldrel-windows-x86_64