CRAN Package Check Results for Package POSetR

Last updated on 2023-05-28 23:14:06 CEST.

Flavor Version Tinstall Tcheck Ttotal Status Flags
r-devel-linux-x86_64-debian-clang 1.1.1 212.33 38.72 251.05 OK
r-devel-linux-x86_64-debian-gcc 1.1.1 181.58 30.09 211.67 OK
r-devel-linux-x86_64-fedora-clang 1.1.1 394.84 NOTE
r-devel-linux-x86_64-fedora-gcc 1.1.1 422.91 NOTE
r-devel-windows-x86_64 1.1.1 165.00 77.00 242.00 OK
r-patched-linux-x86_64 1.1.1 197.88 37.85 235.73 OK
r-release-linux-x86_64 1.1.1 192.69 38.13 230.82 OK
r-release-macos-arm64 1.1.1 99.00 NOTE
r-release-macos-x86_64 1.1.1 164.00 NOTE
r-release-windows-x86_64 1.1.1 210.00 86.00 296.00 OK
r-oldrel-macos-arm64 1.1.1 103.00 NOTE
r-oldrel-macos-x86_64 1.1.1 106.00 NOTE
r-oldrel-windows-x86_64 1.1.1 216.00 82.00 298.00 OK

Check Details

Version: 1.1.1
Check: dependencies in R code
Result: NOTE
    Namespace in Imports field not imported from: ‘Rdpack’
     All declared Imports should be used.
Flavors: r-devel-linux-x86_64-fedora-clang, r-devel-linux-x86_64-fedora-gcc

Version: 1.1.1
Check: installed package size
Result: NOTE
     installed size is 16.3Mb
     sub-directories of 1Mb or more:
     libs 16.1Mb
Flavors: r-release-macos-arm64, r-release-macos-x86_64, r-oldrel-macos-arm64, r-oldrel-macos-x86_64