Last updated on 2024-04-19 01:04:47 CEST.
Flavor | Version | Tinstall | Tcheck | Ttotal | Status | Flags |
---|---|---|---|---|---|---|
r-devel-linux-x86_64-debian-clang | 1.0 | 54.82 | 27.68 | 82.50 | NOTE | |
r-devel-linux-x86_64-debian-gcc | 1.0 | 44.24 | 22.08 | 66.32 | NOTE | |
r-devel-linux-x86_64-fedora-clang | 1.0 | 123.61 | NOTE | |||
r-devel-linux-x86_64-fedora-gcc | 1.0 | 127.68 | NOTE | |||
r-prerel-macos-arm64 | 1.0 | 32.00 | NOTE | |||
r-prerel-windows-x86_64 | 1.0 | 48.00 | 66.00 | 114.00 | NOTE | |
r-patched-linux-x86_64 | 1.0 | 59.99 | 26.65 | 86.64 | NOTE | |
r-release-linux-x86_64 | 1.0 | 60.66 | 26.94 | 87.60 | NOTE | |
r-release-macos-arm64 | 1.0 | 33.00 | NOTE | |||
r-release-macos-x86_64 | 1.0 | 56.00 | NOTE | |||
r-release-windows-x86_64 | 1.0 | 50.00 | 70.00 | 120.00 | NOTE | |
r-oldrel-macos-arm64 | 1.0 | 33.00 | OK | |||
r-oldrel-windows-x86_64 | 1.0 | 55.00 | 73.00 | 128.00 | OK |
Version: 1.0
Check: C++ specification
Result: NOTE
Specified C++11: please drop specification unless essential
Flavors: r-devel-linux-x86_64-debian-clang, r-devel-linux-x86_64-debian-gcc, r-devel-linux-x86_64-fedora-clang, r-devel-linux-x86_64-fedora-gcc, r-prerel-macos-arm64, r-prerel-windows-x86_64, r-patched-linux-x86_64, r-release-linux-x86_64, r-release-macos-arm64, r-release-macos-x86_64, r-release-windows-x86_64