CRAN Package Check Results for Package PPforest

Last updated on 2021-10-23 12:07:41 CEST.

Flavor Version Tinstall Tcheck Ttotal Status Flags
r-devel-linux-x86_64-debian-clang 0.1.2 44.82 82.74 127.56 OK
r-devel-linux-x86_64-debian-gcc 0.1.2 36.01 60.39 96.40 OK
r-devel-linux-x86_64-fedora-clang 0.1.2 176.34 OK
r-devel-linux-x86_64-fedora-gcc 0.1.2 161.05 OK
r-devel-windows-x86_64 0.1.2 58.00 133.00 191.00 OK
r-devel-windows-x86_64-gcc10-UCRT 0.1.2 OK
r-patched-linux-x86_64 0.1.2 41.72 77.67 119.39 OK
r-patched-solaris-x86 0.1.2 133.40 OK
r-release-linux-x86_64 0.1.2 37.49 77.65 115.14 OK
r-release-macos-arm64 0.1.1 NOTE
r-release-macos-x86_64 0.1.2 NOTE
r-release-windows-ix86+x86_64 0.1.2 84.00 127.00 211.00 OK
r-oldrel-macos-x86_64 0.1.2 NOTE
r-oldrel-windows-ix86+x86_64 0.1.2 81.00 126.00 207.00 OK

Check Details

Version: 0.1.1
Check: installed package size
Result: NOTE
     installed size is 6.4Mb
     sub-directories of 1Mb or more:
     libs 5.2Mb
Flavor: r-release-macos-arm64

Version: 0.1.2
Check: installed package size
Result: NOTE
     installed size is 5.5Mb
     sub-directories of 1Mb or more:
     libs 4.3Mb
Flavors: r-release-macos-x86_64, r-oldrel-macos-x86_64