CRAN Package Check Results for Package PRISMA2020

Last updated on 2021-10-23 05:02:44 CEST.

Flavor Version Tinstall Tcheck Ttotal Status Flags
r-devel-linux-x86_64-debian-clang 0.0.3 3.17 25.39 28.56 OK
r-devel-linux-x86_64-debian-gcc 0.0.3 2.44 19.77 22.21 OK
r-devel-linux-x86_64-fedora-clang 0.0.3 44.79 NOTE
r-devel-linux-x86_64-fedora-gcc 0.0.3 33.58 NOTE
r-devel-windows-x86_64 0.0.3 6.00 45.00 51.00 OK
r-devel-windows-x86_64-gcc10-UCRT 0.0.3 NOTE
r-patched-linux-x86_64 0.0.3 2.88 24.70 27.58 OK
r-release-linux-x86_64 0.0.3 3.22 24.81 28.03 OK
r-release-macos-arm64 0.0.3 NOTE
r-release-macos-x86_64 0.0.3 ERROR
r-release-windows-ix86+x86_64 0.0.3 7.00 44.00 51.00 OK
r-oldrel-macos-x86_64 0.0.3 ERROR
r-oldrel-windows-ix86+x86_64 0.0.3 8.00 42.00 50.00 OK

Check Details

Version: 0.0.3
Check: dependencies in R code
Result: NOTE
    Namespaces in Imports field not imported from:
     ‘DT’ ‘rio’ ‘shiny’ ‘shinyjs’ ‘utils’ ‘webp’
     All declared Imports should be used.
Flavors: r-devel-linux-x86_64-fedora-clang, r-devel-linux-x86_64-fedora-gcc, r-devel-windows-x86_64-gcc10-UCRT, r-release-macos-arm64, r-release-macos-x86_64, r-oldrel-macos-x86_64

Version: 0.0.3
Check: examples
Result: ERROR
    Running examples in ‘PRISMA2020-Ex.R’ failed
    The error most likely occurred in:
    
    > ### Name: PRISMA_save
    > ### Title: Save PRISMA2020 flow diagram
    > ### Aliases: PRISMA_save
    >
    > ### ** Examples
    >
    > csvFile <- system.file("extdata", "PRISMA.csv", package = "PRISMA2020")
    > data <- read.csv(csvFile);
    > data <- PRISMA_data(data);
    > plot <- PRISMA_flowdiagram(data,
    + fontsize = 12,
    + interactive = TRUE,
    + previous = FALSE,
    + other = TRUE);
    > PRISMA_save(plot, filename = tempfile(), filetype="html");
    Error in htmlwidgets::saveWidget(plotobj, file = tmp_html, title = tools::file_path_sans_ext(filename)) :
     Saving a widget with selfcontained = TRUE requires pandoc. For details see:
    https://github.com/rstudio/rmarkdown/blob/master/PANDOC.md
    Calls: PRISMA_save -> <Anonymous>
    Execution halted
Flavors: r-release-macos-x86_64, r-oldrel-macos-x86_64