CRAN Package Check Results for Package PRISMAstatement

Last updated on 2024-07-20 16:49:12 CEST.

Flavor Version Tinstall Tcheck Ttotal Status Flags
r-devel-linux-x86_64-debian-clang 1.1.1 2.35 37.12 39.47 NOTE
r-devel-linux-x86_64-debian-gcc 1.1.1 2.26 28.21 30.47 NOTE
r-devel-linux-x86_64-fedora-clang 1.1.1 50.72 NOTE
r-devel-linux-x86_64-fedora-gcc 1.1.1 64.86 NOTE
r-devel-windows-x86_64 1.1.1 6.00 51.00 57.00 NOTE
r-patched-linux-x86_64 1.1.1 1.76 35.88 37.64 NOTE
r-release-linux-x86_64 1.1.1 2.01 35.74 37.75 NOTE
r-release-macos-arm64 1.1.1 29.00 NOTE
r-release-macos-x86_64 1.1.1 39.00 NOTE
r-release-windows-x86_64 1.1.1 4.00 50.00 54.00 NOTE
r-oldrel-macos-arm64 1.1.1 27.00 NOTE
r-oldrel-macos-x86_64 1.1.1 56.00 NOTE
r-oldrel-windows-x86_64 1.1.1 5.00 53.00 58.00 NOTE

Check Details

Version: 1.1.1
Check: LazyData
Result: NOTE 'LazyData' is specified without a 'data' directory Flavors: r-devel-linux-x86_64-debian-clang, r-devel-linux-x86_64-debian-gcc, r-devel-linux-x86_64-fedora-clang, r-devel-linux-x86_64-fedora-gcc, r-devel-windows-x86_64, r-patched-linux-x86_64, r-release-linux-x86_64, r-release-macos-arm64, r-release-macos-x86_64, r-release-windows-x86_64, r-oldrel-macos-arm64, r-oldrel-macos-x86_64, r-oldrel-windows-x86_64

Version: 1.1.1
Check: installed package size
Result: NOTE installed size is 5.0Mb sub-directories of 1Mb or more: doc 4.8Mb Flavor: r-devel-linux-x86_64-fedora-clang